CRAN Package Check Results for Package CorrectedFDR

Last updated on 2020-07-07 02:08:11 CEST.

Flavor Version Tinstall Tcheck Ttotal Status Flags
r-devel-linux-x86_64-debian-clang 1.0 1.96 18.78 20.74 OK
r-devel-linux-x86_64-debian-gcc 1.0 1.44 14.93 16.37 OK
r-devel-linux-x86_64-fedora-clang 1.0 33.35 OK
r-devel-linux-x86_64-fedora-gcc 1.0 24.23 OK
r-devel-windows-ix86+x86_64 1.0 5.00 32.00 37.00 NOTE
r-patched-linux-x86_64 1.0 1.93 18.64 20.57 OK
r-patched-solaris-x86 1.0 38.20 OK
r-release-linux-x86_64 1.0 1.70 18.71 20.41 OK
r-release-osx-x86_64 1.0 NOTE
r-release-windows-ix86+x86_64 1.0 5.00 32.00 37.00 NOTE
r-oldrel-osx-x86_64 1.0 NOTE
r-oldrel-windows-ix86+x86_64 1.0 4.00 44.00 48.00 NOTE

Check Details

Version: 1.0
Check: package dependencies
Result: NOTE
    Package suggested but not available for checking: 'ProData'
Flavors: r-devel-windows-ix86+x86_64, r-release-osx-x86_64, r-release-windows-ix86+x86_64, r-oldrel-osx-x86_64, r-oldrel-windows-ix86+x86_64