CRAN Package Check Results for Package CorrBin

Last updated on 2022-09-29 21:49:02 CEST.

Flavor Version Tinstall Tcheck Ttotal Status Flags
r-devel-linux-x86_64-debian-clang 1.6 8.45 127.94 136.39 NOTE
r-devel-linux-x86_64-debian-gcc 1.6 6.92 101.36 108.28 NOTE
r-devel-linux-x86_64-fedora-clang 1.6 178.94 NOTE
r-devel-linux-x86_64-fedora-gcc 1.6 185.08 NOTE
r-devel-windows-x86_64 1.6 30.00 225.00 255.00 NOTE
r-patched-linux-x86_64 1.6 6.64 131.16 137.80 OK
r-release-linux-x86_64 1.6 5.35 129.26 134.61 OK
r-release-macos-arm64 1.6 62.00 OK
r-release-macos-x86_64 1.6 134.00 OK
r-release-windows-x86_64 1.6 22.00 211.00 233.00 OK
r-oldrel-macos-arm64 1.6 71.00 OK
r-oldrel-macos-x86_64 1.6 113.00 OK
r-oldrel-windows-ix86+x86_64 1.6 34.00 244.00 278.00 OK

Check Details

Version: 1.6
Check: Rd files
Result: NOTE
    checkRd: (-1) egde.Rd:26: Escaped LaTeX specials: \&
Flavors: r-devel-linux-x86_64-debian-clang, r-devel-linux-x86_64-debian-gcc, r-devel-linux-x86_64-fedora-clang, r-devel-linux-x86_64-fedora-gcc, r-devel-windows-x86_64