CRAN Package Check Results for Package CopernicusDEM

Last updated on 2024-06-18 00:57:23 CEST.

Flavor Version Tinstall Tcheck Ttotal Status Flags
r-devel-linux-x86_64-debian-clang 1.0.3 7.34 48.79 56.13 OK
r-devel-linux-x86_64-debian-gcc 1.0.3 4.18 37.42 41.60 OK
r-devel-linux-x86_64-fedora-clang 1.0.3 68.85 NOTE
r-devel-linux-x86_64-fedora-gcc 1.0.3 77.05 OK
r-devel-windows-x86_64 1.0.3 6.00 56.00 62.00 NOTE
r-patched-linux-x86_64 1.0.3 4.46 47.84 52.30 OK
r-release-linux-x86_64 1.0.3 6.50 47.23 53.73 OK
r-release-macos-arm64 1.0.3 31.00 NOTE
r-release-macos-x86_64 1.0.3 62.00 NOTE
r-release-windows-x86_64 1.0.3 6.00 59.00 65.00 NOTE
r-oldrel-macos-arm64 1.0.3 36.00 NOTE
r-oldrel-macos-x86_64 1.0.3 68.00 NOTE
r-oldrel-windows-x86_64 1.0.3 7.00 62.00 69.00 NOTE

Check Details

Version: 1.0.3
Check: installed package size
Result: NOTE installed size is 7.5Mb sub-directories of 1Mb or more: doc 2.3Mb vignette_data 2.6Mb Flavors: r-devel-linux-x86_64-fedora-clang, r-devel-windows-x86_64, r-release-macos-arm64, r-release-macos-x86_64, r-release-windows-x86_64, r-oldrel-macos-arm64, r-oldrel-macos-x86_64, r-oldrel-windows-x86_64