CRAN Package Check Results for Package CondiS

Last updated on 2022-09-28 18:48:52 CEST.

Flavor Version Tinstall Tcheck Ttotal Status Flags
r-devel-linux-x86_64-debian-clang 0.1.2 15.43 176.61 192.04 OK
r-devel-linux-x86_64-debian-gcc 0.1.2 13.56 130.63 144.19 OK
r-devel-linux-x86_64-fedora-clang 0.1.2 247.92 NOTE
r-devel-linux-x86_64-fedora-gcc 0.1.2 232.70 NOTE
r-devel-windows-x86_64 0.1.2 18.00 204.00 222.00 OK
r-patched-linux-x86_64 0.1.2 16.79 167.39 184.18 OK
r-release-linux-x86_64 0.1.2 14.92 168.24 183.16 OK
r-release-macos-arm64 0.1.2 57.00 NOTE
r-release-macos-x86_64 0.1.2 99.00 NOTE
r-release-windows-x86_64 0.1.2 18.00 196.00 214.00 OK
r-oldrel-macos-arm64 0.1.2 43.00 NOTE
r-oldrel-macos-x86_64 0.1.2 85.00 NOTE
r-oldrel-windows-ix86+x86_64 0.1.2 40.00 202.00 242.00 OK

Check Details

Version: 0.1.2
Check: dependencies in R code
Result: NOTE
    Namespaces in Imports field not imported from:
     ‘kernlab’ ‘purrr’ ‘survminer’ ‘tidyverse’
     All declared Imports should be used.
Flavors: r-devel-linux-x86_64-fedora-clang, r-devel-linux-x86_64-fedora-gcc, r-release-macos-arm64, r-release-macos-x86_64, r-oldrel-macos-arm64, r-oldrel-macos-x86_64