CRAN Package Check Results for Package CondiS

Last updated on 2024-05-23 21:50:39 CEST.

Flavor Version Tinstall Tcheck Ttotal Status Flags
r-devel-linux-x86_64-debian-clang 0.1.2 13.57 170.56 184.13 OK
r-devel-linux-x86_64-debian-gcc 0.1.2 12.20 125.00 137.20 OK
r-devel-linux-x86_64-fedora-clang 0.1.2 232.33 NOTE
r-devel-linux-x86_64-fedora-gcc 0.1.2 230.62 NOTE
r-devel-windows-x86_64 0.1.2 14.00 133.00 147.00 OK
r-patched-linux-x86_64 0.1.2 15.33 159.41 174.74 OK
r-release-linux-x86_64 0.1.2 13.06 157.81 170.87 OK
r-release-macos-arm64 0.1.2 69.00 OK
r-release-windows-x86_64 0.1.2 14.00 131.00 145.00 OK
r-oldrel-macos-arm64 0.1.2 69.00 OK
r-oldrel-macos-x86_64 0.1.2 122.00 OK
r-oldrel-windows-x86_64 0.1.2 19.00 168.00 187.00 OK

Check Details

Version: 0.1.2
Check: dependencies in R code
Result: NOTE Namespaces in Imports field not imported from: ‘kernlab’ ‘purrr’ ‘survminer’ ‘tidyverse’ All declared Imports should be used. Flavors: r-devel-linux-x86_64-fedora-clang, r-devel-linux-x86_64-fedora-gcc