CRAN Package Check Results for Package Conake

Last updated on 2020-05-24 22:48:00 CEST.

Flavor Version Tinstall Tcheck Ttotal Status Flags
r-devel-linux-x86_64-debian-clang 1.0 1.89 18.63 20.52 NOTE
r-devel-linux-x86_64-debian-gcc 1.0 1.63 14.79 16.42 NOTE
r-devel-linux-x86_64-fedora-clang 1.0 26.98 NOTE
r-devel-linux-x86_64-fedora-gcc 1.0 25.04 NOTE
r-devel-windows-ix86+x86_64 1.0 7.00 35.00 42.00 NOTE
r-patched-linux-x86_64 1.0 2.03 19.02 21.05 NOTE
r-patched-solaris-x86 1.0 40.70 NOTE
r-release-linux-x86_64 1.0 2.08 18.48 20.56 NOTE
r-release-osx-x86_64 1.0 NOTE
r-release-windows-ix86+x86_64 1.0 5.00 27.00 32.00 NOTE
r-oldrel-osx-x86_64 1.0 NOTE
r-oldrel-windows-ix86+x86_64 1.0 6.00 39.00 45.00 NOTE

Check Details

Version: 1.0
Check: R code for possible problems
Result: NOTE
    kef: no visible global function definition for 'dgamma'
    kef: no visible global function definition for 'dlnorm'
    simp_int: no visible global function definition for 'approx'
    Undefined global functions or variables:
     approx dgamma dlnorm
    Consider adding
     importFrom("stats", "approx", "dgamma", "dlnorm")
    to your NAMESPACE file.
Flavors: r-devel-linux-x86_64-debian-clang, r-devel-linux-x86_64-debian-gcc, r-devel-linux-x86_64-fedora-clang, r-devel-linux-x86_64-fedora-gcc, r-devel-windows-ix86+x86_64, r-patched-linux-x86_64, r-patched-solaris-x86, r-release-linux-x86_64, r-release-osx-x86_64, r-release-windows-ix86+x86_64, r-oldrel-osx-x86_64, r-oldrel-windows-ix86+x86_64