CRAN Package Check Results for Package CompareCausalNetworks

Last updated on 2020-05-31 13:47:51 CEST.

Flavor Version Tinstall Tcheck Ttotal Status Flags
r-devel-linux-x86_64-debian-clang 0.2.6.2 11.85 108.51 120.36 NOTE
r-devel-linux-x86_64-debian-gcc 0.2.6.2 8.89 82.27 91.16 NOTE
r-devel-linux-x86_64-fedora-clang 0.2.6.2 149.32 NOTE
r-devel-linux-x86_64-fedora-gcc 0.2.6.2 136.77 NOTE
r-devel-windows-ix86+x86_64 0.2.6.2 23.00 151.00 174.00 OK
r-patched-linux-x86_64 0.2.6.2 12.13 104.53 116.66 NOTE
r-patched-solaris-x86 0.2.6.2 204.10 NOTE
r-release-linux-x86_64 0.2.6.2 10.21 106.05 116.26 NOTE
r-release-osx-x86_64 0.2.6.2 NOTE
r-release-windows-ix86+x86_64 0.2.6.2 17.00 156.00 173.00 OK
r-oldrel-osx-x86_64 0.2.6.2 OK
r-oldrel-windows-ix86+x86_64 0.2.6.2 21.00 113.00 134.00 OK

Check Details

Version: 0.2.6.2
Check: package dependencies
Result: NOTE
    Packages suggested but not available for checking: 'CAM', 'flare'
Flavors: r-devel-linux-x86_64-debian-clang, r-devel-linux-x86_64-debian-gcc, r-devel-linux-x86_64-fedora-clang, r-devel-linux-x86_64-fedora-gcc, r-patched-linux-x86_64, r-patched-solaris-x86, r-release-linux-x86_64

Version: 0.2.6.2
Check: package dependencies
Result: NOTE
    Package suggested but not available for checking: ‘CAM’
Flavor: r-release-osx-x86_64