CRAN Package Check Results for Package CodeDepends

Last updated on 2022-09-28 00:52:38 CEST.

Flavor Version Tinstall Tcheck Ttotal Status Flags
r-devel-linux-x86_64-debian-clang 0.6.5 10.74 92.19 102.93 NOTE
r-devel-linux-x86_64-debian-gcc 0.6.5 10.62 70.76 81.38 NOTE
r-devel-linux-x86_64-fedora-clang 0.6.5 137.40 NOTE
r-devel-linux-x86_64-fedora-gcc 0.6.5 133.17 NOTE
r-devel-windows-x86_64 0.6.5 109.00 133.00 242.00 OK
r-patched-linux-x86_64 0.6.5 14.64 87.30 101.94 NOTE
r-release-linux-x86_64 0.6.5 12.63 87.14 99.77 NOTE
r-release-macos-arm64 0.6.5 40.00 OK
r-release-macos-x86_64 0.6.5 56.00 OK
r-release-windows-x86_64 0.6.5 131.00 131.00 262.00 OK
r-oldrel-macos-arm64 0.6.5 49.00 OK
r-oldrel-macos-x86_64 0.6.5 81.00 OK
r-oldrel-windows-ix86+x86_64 0.6.5 24.00 110.00 134.00 OK

Check Details

Version: 0.6.5
Check: for non-standard things in the check directory
Result: NOTE
    Found the following files/directories:
     'foo.R' 'foo.html'
Flavors: r-devel-linux-x86_64-debian-clang, r-devel-linux-x86_64-debian-gcc, r-devel-linux-x86_64-fedora-clang, r-devel-linux-x86_64-fedora-gcc, r-patched-linux-x86_64, r-release-linux-x86_64