Last updated on 2023-09-29 18:54:31 CEST.
Flavor | Version | Tinstall | Tcheck | Ttotal | Status | Flags |
---|---|---|---|---|---|---|
r-devel-linux-x86_64-debian-clang | 0.6.5 | 13.87 | 83.37 | 97.24 | NOTE | |
r-devel-linux-x86_64-debian-gcc | 0.6.5 | 9.67 | 63.81 | 73.48 | NOTE | |
r-devel-linux-x86_64-fedora-clang | 0.6.5 | 114.62 | NOTE | |||
r-devel-linux-x86_64-fedora-gcc | 0.6.5 | 138.35 | NOTE | |||
r-devel-windows-x86_64 | 0.6.5 | 14.00 | 89.00 | 103.00 | OK | |
r-patched-linux-x86_64 | 0.6.5 | 12.45 | 80.99 | 93.44 | NOTE | |
r-release-linux-x86_64 | 0.6.5 | 11.39 | 81.59 | 92.98 | NOTE | |
r-release-macos-arm64 | 0.6.5 | 46.00 | OK | |||
r-release-macos-x86_64 | 0.6.5 | 73.00 | OK | |||
r-release-windows-x86_64 | 0.6.5 | 17.00 | 101.00 | 118.00 | OK | |
r-oldrel-macos-arm64 | 0.6.5 | 39.00 | OK | |||
r-oldrel-macos-x86_64 | 0.6.5 | 56.00 | OK | |||
r-oldrel-windows-x86_64 | 0.6.5 | 18.00 | 104.00 | 122.00 | OK |
Version: 0.6.5
Check: for non-standard things in the check directory
Result: NOTE
Found the following files/directories:
‘foo.R’ ‘foo.html’
Flavors: r-devel-linux-x86_64-debian-clang, r-devel-linux-x86_64-debian-gcc, r-devel-linux-x86_64-fedora-clang, r-devel-linux-x86_64-fedora-gcc, r-patched-linux-x86_64, r-release-linux-x86_64