CRAN Package Check Results for Package CoTiMA

Last updated on 2025-01-24 21:48:21 CET.

Flavor Version Tinstall Tcheck Ttotal Status Flags
r-devel-linux-x86_64-debian-clang 0.8.0 59.15 261.92 321.07 NOTE
r-devel-linux-x86_64-debian-gcc 0.8.0 41.29 183.47 224.76 NOTE
r-devel-linux-x86_64-fedora-clang 0.8.0 563.80 OK
r-devel-linux-x86_64-fedora-gcc 0.8.0 515.60 OK
r-devel-windows-x86_64 0.8.0 52.00 236.00 288.00 NOTE
r-patched-linux-x86_64 0.8.0 66.32 245.52 311.84 OK
r-release-linux-x86_64 0.8.0 60.70 248.10 308.80 OK
r-release-macos-arm64 0.8.0 96.00 NOTE
r-release-macos-x86_64 0.8.0 11.00 ERROR
r-release-windows-x86_64 0.8.0 50.00 234.00 284.00 NOTE
r-oldrel-macos-arm64 0.8.0 9.00 ERROR
r-oldrel-macos-x86_64 0.8.0 166.00 NOTE
r-oldrel-windows-x86_64 0.8.0 66.00 279.00 345.00 NOTE

Check Details

Version: 0.8.0
Check: Rd cross-references
Result: NOTE Found the following Rd file(s) with Rd \link{} targets missing package anchors: ctmaAllInvFit.Rd: ctStanFit ctmaFit.Rd: ctStanFit, ctsem ctmaInit.Rd: ctStanFit, ctsem ctmaOptimizeFit.Rd: ctStanFit ctmaOptimizeInit.Rd: ctStanFit ctmaPlotCtsemMod.Rd: ctsem ctmaScaleInits.Rd: ctStanFit Please provide package anchors for all Rd \link{} targets not in the package itself and the base packages. Flavors: r-devel-linux-x86_64-debian-clang, r-devel-linux-x86_64-debian-gcc, r-devel-windows-x86_64

Version: 0.8.0
Check: installed package size
Result: NOTE installed size is 7.4Mb sub-directories of 1Mb or more: data 4.8Mb doc 1.6Mb Flavors: r-release-macos-arm64, r-release-windows-x86_64, r-oldrel-macos-x86_64, r-oldrel-windows-x86_64

Version: 0.8.0
Check: package dependencies
Result: ERROR Package required but not available: ‘ctsem’ See section ‘The DESCRIPTION file’ in the ‘Writing R Extensions’ manual. Flavors: r-release-macos-x86_64, r-oldrel-macos-arm64