CRAN Package Check Results for Package CoRpower

Last updated on 2024-06-18 18:48:59 CEST.

Flavor Version Tinstall Tcheck Ttotal Status Flags
r-devel-linux-x86_64-debian-clang 1.0.4 9.51 116.35 125.86 NOTE
r-devel-linux-x86_64-debian-gcc 1.0.4 7.92 85.04 92.96 NOTE
r-devel-linux-x86_64-fedora-clang 1.0.4 155.15 NOTE
r-devel-linux-x86_64-fedora-gcc 1.0.4 161.85 NOTE
r-devel-windows-x86_64 1.0.4 9.00 105.00 114.00 NOTE
r-patched-linux-x86_64 1.0.4 9.95 111.45 121.40 NOTE
r-release-linux-x86_64 1.0.4 9.57 108.22 117.79 NOTE
r-release-macos-arm64 1.0.4 52.00 NOTE
r-release-macos-x86_64 1.0.4 81.00 NOTE
r-release-windows-x86_64 1.0.4 9.00 147.00 156.00 NOTE
r-oldrel-macos-arm64 1.0.4 58.00 NOTE
r-oldrel-macos-x86_64 1.0.4 89.00 NOTE
r-oldrel-windows-x86_64 1.0.4 11.00 129.00 140.00 NOTE

Check Details

Version: 1.0.4
Check: LazyData
Result: NOTE 'LazyData' is specified without a 'data' directory Flavors: r-devel-linux-x86_64-debian-clang, r-devel-linux-x86_64-debian-gcc, r-devel-linux-x86_64-fedora-clang, r-devel-linux-x86_64-fedora-gcc, r-devel-windows-x86_64, r-patched-linux-x86_64, r-release-linux-x86_64, r-release-macos-arm64, r-release-macos-x86_64, r-release-windows-x86_64, r-oldrel-macos-arm64, r-oldrel-macos-x86_64, r-oldrel-windows-x86_64