CRAN Package Check Results for Package CoRpower

Last updated on 2023-06-01 00:59:37 CEST.

Flavor Version Tinstall Tcheck Ttotal Status Flags
r-devel-linux-x86_64-debian-clang 1.0.4 10.36 114.42 124.78 NOTE
r-devel-linux-x86_64-debian-gcc 1.0.4 6.46 87.24 93.70 NOTE
r-devel-linux-x86_64-fedora-clang 1.0.4 154.14 NOTE
r-devel-linux-x86_64-fedora-gcc 1.0.4 162.44 NOTE
r-devel-windows-x86_64 1.0.4 9.00 110.00 119.00 NOTE
r-patched-linux-x86_64 1.0.4 NOTE
r-release-linux-x86_64 1.0.4 7.32 111.64 118.96 NOTE
r-release-macos-arm64 1.0.4 58.00 NOTE
r-release-macos-x86_64 1.0.4 89.00 NOTE
r-release-windows-x86_64 1.0.4 12.00 128.00 140.00 NOTE
r-oldrel-macos-arm64 1.0.4 46.00 NOTE
r-oldrel-macos-x86_64 1.0.4 60.00 NOTE
r-oldrel-windows-x86_64 1.0.4 12.00 128.00 140.00 NOTE

Check Details

Version: 1.0.4
Check: LazyData
Result: NOTE
     'LazyData' is specified without a 'data' directory
Flavors: r-devel-linux-x86_64-debian-clang, r-devel-linux-x86_64-debian-gcc, r-devel-linux-x86_64-fedora-clang, r-devel-linux-x86_64-fedora-gcc, r-devel-windows-x86_64, r-patched-linux-x86_64, r-release-linux-x86_64, r-release-macos-arm64, r-release-macos-x86_64, r-release-windows-x86_64, r-oldrel-macos-arm64, r-oldrel-macos-x86_64, r-oldrel-windows-x86_64