CRAN Package Check Results for Package CoMiRe

Last updated on 2024-06-22 12:48:22 CEST.

Flavor Version Tinstall Tcheck Ttotal Status Flags
r-devel-linux-x86_64-debian-clang 0.8 96.39 69.77 166.16 NOTE
r-devel-linux-x86_64-debian-gcc 0.8 59.36 51.60 110.96 NOTE
r-devel-linux-x86_64-fedora-clang 0.8 228.53 NOTE
r-devel-linux-x86_64-fedora-gcc 0.8 220.73 NOTE
r-devel-windows-x86_64 0.8 71.00 98.00 169.00 NOTE
r-patched-linux-x86_64 0.8 70.24 67.68 137.92 NOTE
r-release-linux-x86_64 0.8 69.51 68.08 137.59 NOTE
r-release-macos-arm64 0.8 46.00 NOTE
r-release-macos-x86_64 0.8 58.00 NOTE
r-release-windows-x86_64 0.8 73.00 89.00 162.00 NOTE
r-oldrel-macos-arm64 0.8 49.00 OK
r-oldrel-macos-x86_64 0.8 71.00 OK
r-oldrel-windows-x86_64 0.8 89.00 108.00 197.00 OK

Check Details

Version: 0.8
Check: Rd files
Result: NOTE checkRd: (-1) BMD.Rd:21: Lost braces in \itemize; \value handles \item{}{} directly checkRd: (-1) BMD.Rd:22: Lost braces in \itemize; \value handles \item{}{} directly checkRd: (-1) BMD.Rd:23: Lost braces in \itemize; \value handles \item{}{} directly checkRd: (-1) BMD.Rd:24: Lost braces in \itemize; \value handles \item{}{} directly checkRd: (-1) BMD.Rd:25: Lost braces in \itemize; \value handles \item{}{} directly checkRd: (-1) add.risk.Rd:30: Lost braces in \itemize; \value handles \item{}{} directly checkRd: (-1) add.risk.Rd:31: Lost braces in \itemize; \value handles \item{}{} directly checkRd: (-1) comire.gibbs.Rd:66: Lost braces in \itemize; \value handles \item{}{} directly checkRd: (-1) comire.gibbs.Rd:67-68: Lost braces in \itemize; \value handles \item{}{} directly checkRd: (-1) comire.gibbs.Rd:69: Lost braces in \itemize; \value handles \item{}{} directly checkRd: (-1) comire.gibbs.Rd:70: Lost braces in \itemize; \value handles \item{}{} directly checkRd: (-1) comire.gibbs.Rd:71: Lost braces in \itemize; \value handles \item{}{} directly checkRd: (-1) comire.gibbs.Rd:72: Lost braces in \itemize; \value handles \item{}{} directly checkRd: (-1) comire.gibbs.Rd:73: Lost braces in \itemize; \value handles \item{}{} directly checkRd: (-1) comire.gibbs.Rd:74: Lost braces in \itemize; \value handles \item{}{} directly checkRd: (-1) comire.gibbs.Rd:75: Lost braces in \itemize; \value handles \item{}{} directly checkRd: (-1) comire.gibbs.Rd:76: Lost braces in \itemize; \value handles \item{}{} directly Flavors: r-devel-linux-x86_64-debian-clang, r-devel-linux-x86_64-debian-gcc, r-devel-linux-x86_64-fedora-clang, r-devel-linux-x86_64-fedora-gcc, r-devel-windows-x86_64, r-patched-linux-x86_64, r-release-linux-x86_64, r-release-macos-arm64, r-release-macos-x86_64, r-release-windows-x86_64