CRAN Package Check Results for Package CircSpaceTime

Last updated on 2022-09-26 21:52:53 CEST.

Flavor Version Tinstall Tcheck Ttotal Status Flags
r-devel-linux-x86_64-debian-clang 0.9.0 168.00 52.86 220.86 OK
r-devel-linux-x86_64-debian-gcc 0.9.0 127.56 39.49 167.05 OK
r-devel-linux-x86_64-fedora-clang 0.9.0 339.48 NOTE
r-devel-linux-x86_64-fedora-gcc 0.9.0 296.11 NOTE
r-devel-windows-x86_64 0.9.0 129.00 110.00 239.00 OK
r-patched-linux-x86_64 0.9.0 146.55 48.91 195.46 OK
r-release-linux-x86_64 0.9.0 132.92 49.44 182.36 OK
r-release-macos-arm64 0.9.0 69.00 NOTE
r-release-macos-x86_64 0.9.0 120.00 NOTE
r-release-windows-x86_64 0.9.0 140.00 107.00 247.00 OK
r-oldrel-macos-arm64 0.9.0 78.00 NOTE
r-oldrel-macos-x86_64 0.9.0 147.00 NOTE
r-oldrel-windows-ix86+x86_64 0.9.0 416.00 129.00 545.00 NOTE

Check Details

Version: 0.9.0
Check: dependencies in R code
Result: NOTE
    Namespaces in Imports field not imported from:
     ‘RInside’ ‘circular’
     All declared Imports should be used.
Flavors: r-devel-linux-x86_64-fedora-clang, r-devel-linux-x86_64-fedora-gcc, r-release-macos-arm64, r-release-macos-x86_64, r-oldrel-macos-arm64, r-oldrel-macos-x86_64

Version: 0.9.0
Check: installed package size
Result: NOTE
     installed size is 7.4Mb
     sub-directories of 1Mb or more:
     data 1.8Mb
     libs 5.0Mb
Flavors: r-release-macos-arm64, r-release-macos-x86_64, r-oldrel-macos-arm64, r-oldrel-macos-x86_64, r-oldrel-windows-ix86+x86_64