Last updated on 2022-08-13 00:50:56 CEST.
Flavor | Version | Tinstall | Tcheck | Ttotal | Status | Flags |
---|---|---|---|---|---|---|
r-devel-linux-x86_64-debian-clang | 1.0-10 | 176.65 | 350.79 | 527.44 | NOTE | |
r-devel-linux-x86_64-debian-gcc | 1.0-10 | 134.85 | 259.20 | 394.05 | NOTE | |
r-devel-linux-x86_64-fedora-clang | 1.0-10 | 698.66 | NOTE | |||
r-devel-linux-x86_64-fedora-gcc | 1.0-10 | 679.95 | NOTE | |||
r-devel-windows-x86_64 | 1.0-10 | 365.00 | 435.00 | 800.00 | NOTE | |
r-patched-linux-x86_64 | 1.0-10 | 151.39 | 323.53 | 474.92 | NOTE | |
r-release-linux-x86_64 | 1.0-10 | 148.33 | 321.75 | 470.08 | NOTE | |
r-release-macos-arm64 | 1.0-10 | 132.00 | NOTE | |||
r-release-macos-x86_64 | 1.0-10 | 235.00 | NOTE | |||
r-release-windows-x86_64 | 1.0-10 | 491.00 | 412.00 | 903.00 | NOTE | |
r-oldrel-macos-arm64 | 1.0-10 | 155.00 | NOTE | |||
r-oldrel-macos-x86_64 | 1.0-10 | 221.00 | NOTE | |||
r-oldrel-windows-ix86+x86_64 | 1.0-10 | 356.00 | 579.00 | 935.00 | NOTE |
Version: 1.0-10
Check: package dependencies
Result: NOTE
Packages which this enhances but not available for checking:
'gurobi', 'rcbc'
Flavors: r-devel-linux-x86_64-debian-clang, r-devel-linux-x86_64-debian-gcc, r-patched-linux-x86_64, r-release-linux-x86_64
Version: 1.0-10
Check: package subdirectories
Result: NOTE
Problems with news in 'NEWS.md':
Cannot extract version info from the following section titles:
CVXR pre-0.94-4
Flavors: r-devel-linux-x86_64-debian-clang, r-devel-linux-x86_64-debian-gcc, r-devel-linux-x86_64-fedora-clang, r-devel-linux-x86_64-fedora-gcc, r-devel-windows-x86_64
Version: 1.0-10
Check: package dependencies
Result: NOTE
Packages which this enhances but not available for checking:
'Rcplex', 'gurobi', 'rcbc'
Flavors: r-devel-linux-x86_64-fedora-clang, r-devel-linux-x86_64-fedora-gcc, r-devel-windows-x86_64, r-release-macos-arm64, r-release-macos-x86_64, r-release-windows-x86_64, r-oldrel-macos-arm64, r-oldrel-macos-x86_64, r-oldrel-windows-ix86+x86_64
Version: 1.0-10
Check: installed package size
Result: NOTE
installed size is 5.8Mb
sub-directories of 1Mb or more:
R 2.7Mb
doc 1.2Mb
help 1.0Mb
Flavors: r-devel-linux-x86_64-fedora-clang, r-devel-windows-x86_64, r-release-macos-arm64, r-release-macos-x86_64, r-release-windows-x86_64, r-oldrel-macos-arm64, r-oldrel-macos-x86_64, r-oldrel-windows-ix86+x86_64