CRAN Package Check Results for Package CTTinShiny

Last updated on 2022-08-19 00:54:31 CEST.

Flavor Version Tinstall Tcheck Ttotal Status Flags
r-devel-linux-x86_64-debian-clang 0.1.0 4.66 40.67 45.33 NOTE
r-devel-linux-x86_64-debian-gcc 0.1.0 3.35 31.27 34.62 NOTE
r-devel-linux-x86_64-fedora-clang 0.1.0 64.41 NOTE
r-devel-linux-x86_64-fedora-gcc 0.1.0 64.07 NOTE
r-devel-windows-x86_64 0.1.0 10.00 67.00 77.00 NOTE
r-patched-linux-x86_64 0.1.0 4.68 39.31 43.99 NOTE
r-release-linux-x86_64 0.1.0 NOTE
r-release-macos-arm64 0.1.0 20.00 NOTE
r-release-macos-x86_64 0.1.0 34.00 NOTE
r-release-windows-x86_64 0.1.0 13.00 69.00 82.00 NOTE
r-oldrel-macos-arm64 0.1.0 27.00 NOTE
r-oldrel-macos-x86_64 0.1.0 35.00 NOTE
r-oldrel-windows-ix86+x86_64 0.1.0 11.00 65.00 76.00 NOTE

Check Details

Version: 0.1.0
Check: LazyData
Result: NOTE
     'LazyData' is specified without a 'data' directory
Flavors: r-devel-linux-x86_64-debian-clang, r-devel-linux-x86_64-debian-gcc, r-devel-linux-x86_64-fedora-clang, r-devel-linux-x86_64-fedora-gcc, r-devel-windows-x86_64, r-patched-linux-x86_64, r-release-linux-x86_64, r-release-macos-arm64, r-release-macos-x86_64, r-release-windows-x86_64, r-oldrel-macos-arm64, r-oldrel-macos-x86_64, r-oldrel-windows-ix86+x86_64