CRAN Package Check Results for Package CTM

Last updated on 2024-05-22 13:00:58 CEST.

Flavor Version Tinstall Tcheck Ttotal Status Flags
r-devel-linux-x86_64-debian-clang 0.2 2.62 32.01 34.63 NOTE
r-devel-linux-x86_64-debian-gcc 0.2 1.78 25.41 27.19 NOTE
r-devel-linux-x86_64-fedora-clang 0.2 44.74 NOTE
r-devel-linux-x86_64-fedora-gcc 0.2 43.17 NOTE
r-devel-windows-x86_64 0.2 3.00 48.00 51.00 NOTE
r-patched-linux-x86_64 0.2 2.94 32.12 35.06 NOTE
r-release-linux-x86_64 0.2 2.59 31.35 33.94 NOTE
r-release-macos-arm64 0.2 18.00 NOTE
r-release-windows-x86_64 0.2 3.00 49.00 52.00 NOTE
r-oldrel-macos-arm64 0.2 18.00 NOTE
r-oldrel-macos-x86_64 0.2 25.00 NOTE
r-oldrel-windows-x86_64 0.2 4.00 50.00 54.00 NOTE

Check Details

Version: 0.2
Check: LazyData
Result: NOTE 'LazyData' is specified without a 'data' directory Flavors: r-devel-linux-x86_64-debian-clang, r-devel-linux-x86_64-debian-gcc, r-devel-linux-x86_64-fedora-clang, r-devel-linux-x86_64-fedora-gcc, r-devel-windows-x86_64, r-patched-linux-x86_64, r-release-linux-x86_64, r-release-macos-arm64, r-release-windows-x86_64, r-oldrel-macos-arm64, r-oldrel-macos-x86_64, r-oldrel-windows-x86_64