Last updated on 2022-08-20 01:49:55 CEST.
Flavor | Version | Tinstall | Tcheck | Ttotal | Status | Flags |
---|---|---|---|---|---|---|
r-devel-linux-x86_64-debian-clang | 1.0.0 | 8.41 | 66.19 | 74.60 | OK | |
r-devel-linux-x86_64-debian-gcc | 1.0.0 | 6.88 | 49.70 | 56.58 | OK | |
r-devel-linux-x86_64-fedora-clang | 1.0.0 | 99.11 | NOTE | |||
r-devel-linux-x86_64-fedora-gcc | 1.0.0 | 101.93 | NOTE | |||
r-devel-windows-x86_64 | 1.0.0 | 13.00 | 88.00 | 101.00 | OK | |
r-patched-linux-x86_64 | 1.0.0 | 9.63 | 61.38 | 71.01 | OK | |
r-release-linux-x86_64 | 1.0.0 | OK | ||||
r-release-macos-arm64 | 1.0.0 | 34.00 | NOTE | |||
r-release-macos-x86_64 | 1.0.0 | 59.00 | NOTE | |||
r-release-windows-x86_64 | 1.0.0 | 17.00 | 89.00 | 106.00 | OK | |
r-oldrel-macos-arm64 | 1.0.0 | 35.00 | NOTE | |||
r-oldrel-macos-x86_64 | 1.0.0 | 39.00 | NOTE | |||
r-oldrel-windows-ix86+x86_64 | 1.0.0 | 20.00 | 88.00 | 108.00 | OK |
Version: 1.0.0
Check: data for non-ASCII characters
Result: NOTE
Note: found 11 marked Latin-1 strings
Note: found 57 marked UTF-8 strings
Flavors: r-devel-linux-x86_64-fedora-clang, r-devel-linux-x86_64-fedora-gcc, r-release-macos-arm64, r-release-macos-x86_64, r-oldrel-macos-arm64, r-oldrel-macos-x86_64