CRAN Package Check Results for Package CORElearn

Last updated on 2024-06-18 18:48:59 CEST.

Flavor Version Tinstall Tcheck Ttotal Status Flags
r-devel-linux-x86_64-debian-clang 1.57.3 81.97 59.05 141.02 NOTE
r-devel-linux-x86_64-debian-gcc 1.57.3 57.71 42.91 100.62 NOTE
r-devel-linux-x86_64-fedora-clang 1.57.3 155.58 NOTE
r-devel-linux-x86_64-fedora-gcc 1.57.3 192.30 NOTE
r-devel-windows-x86_64 1.57.3 92.00 87.00 179.00 NOTE
r-patched-linux-x86_64 1.57.3 74.19 55.58 129.77 NOTE
r-release-linux-x86_64 1.57.3 72.63 56.79 129.42 NOTE
r-release-macos-arm64 1.57.3 42.00 NOTE
r-release-macos-x86_64 1.57.3 69.00 NOTE
r-release-windows-x86_64 1.57.3 88.00 88.00 176.00 NOTE
r-oldrel-macos-arm64 1.57.3 51.00 OK
r-oldrel-macos-x86_64 1.57.3 79.00 OK
r-oldrel-windows-x86_64 1.57.3 81.00 97.00 178.00 OK

Additional issues

noRemap

Check Details

Version: 1.57.3
Check: Rd files
Result: NOTE checkRd: (-1) cvGen.Rd:29: Lost braces 29 | The function code{gatherFromList} returns a list with components containing elements of the same name. | ^ Flavors: r-devel-linux-x86_64-debian-clang, r-devel-linux-x86_64-debian-gcc, r-devel-linux-x86_64-fedora-clang, r-devel-linux-x86_64-fedora-gcc, r-devel-windows-x86_64, r-patched-linux-x86_64, r-release-linux-x86_64, r-release-macos-arm64, r-release-macos-x86_64, r-release-windows-x86_64