CRAN Package Check Results for Package CNVRG

Last updated on 2022-10-06 12:55:21 CEST.

Flavor Version Tinstall Tcheck Ttotal Status Flags
r-devel-linux-x86_64-debian-clang 1.0.0 135.91 144.76 280.67 NOTE
r-devel-linux-x86_64-debian-gcc 1.0.0 122.74 114.44 237.18 NOTE
r-devel-linux-x86_64-fedora-clang 1.0.0 355.98 NOTE
r-devel-linux-x86_64-fedora-gcc 1.0.0 388.23 NOTE
r-devel-windows-x86_64 1.0.0 447.00 198.00 645.00 NOTE
r-patched-linux-x86_64 1.0.0 83.86 145.80 229.66 NOTE
r-release-linux-x86_64 1.0.0 99.99 143.29 243.28 NOTE
r-release-macos-arm64 1.0.0 98.00 NOTE
r-release-macos-x86_64 1.0.0 204.00 NOTE
r-release-windows-x86_64 1.0.0 104.00 195.00 299.00 NOTE
r-oldrel-macos-arm64 1.0.0 141.00 NOTE
r-oldrel-macos-x86_64 1.0.0 124.00 NOTE
r-oldrel-windows-ix86+x86_64 1.0.0 308.00 246.00 554.00 NOTE

Check Details

Version: 1.0.0
Check: for GNU extensions in Makefiles
Result: NOTE
    GNU make is a SystemRequirements.
Flavors: r-devel-linux-x86_64-debian-clang, r-devel-linux-x86_64-debian-gcc, r-devel-linux-x86_64-fedora-clang, r-devel-linux-x86_64-fedora-gcc, r-devel-windows-x86_64, r-patched-linux-x86_64, r-release-linux-x86_64, r-release-macos-arm64, r-release-macos-x86_64, r-release-windows-x86_64, r-oldrel-macos-arm64, r-oldrel-macos-x86_64, r-oldrel-windows-ix86+x86_64

Version: 1.0.0
Check: dependencies in R code
Result: NOTE
    Namespace in Imports field not imported from: ‘rstantools’
     All declared Imports should be used.
Flavors: r-devel-linux-x86_64-fedora-clang, r-devel-linux-x86_64-fedora-gcc, r-release-macos-arm64, r-release-macos-x86_64, r-oldrel-macos-arm64, r-oldrel-macos-x86_64

Version: 1.0.0
Check: installed package size
Result: NOTE
     installed size is 34.9Mb
     sub-directories of 1Mb or more:
     libs 34.6Mb
Flavors: r-release-macos-arm64, r-release-macos-x86_64, r-oldrel-macos-arm64, r-oldrel-macos-x86_64