CRAN Package Check Results for Package CLME

Last updated on 2020-10-25 22:48:10 CET.

Flavor Version Tinstall Tcheck Ttotal Status Flags
r-devel-linux-x86_64-debian-clang 2.0-12 11.58 112.11 123.69 OK
r-devel-linux-x86_64-debian-gcc 2.0-12 9.94 84.59 94.53 OK
r-devel-linux-x86_64-fedora-clang 2.0-12 183.78 OK
r-devel-linux-x86_64-fedora-gcc 2.0-12 145.20 OK
r-devel-windows-ix86+x86_64 2.0-12 29.00 143.00 172.00 OK
r-patched-linux-x86_64 2.0-12 12.78 103.50 116.28 OK
r-patched-solaris-x86 2.0-12 210.70 OK
r-release-linux-x86_64 2.0-12 12.94 104.02 116.96 OK
r-release-macos-x86_64 2.0-12 OK
r-release-windows-ix86+x86_64 2.0-12 21.00 103.00 124.00 OK
r-oldrel-macos-x86_64 2.0-12 ERROR
r-oldrel-windows-ix86+x86_64 2.0-11 27.00 142.00 169.00 OK

Check Details

Version: 2.0-12
Check: whether package can be installed
Result: ERROR
    Installation failed.
Flavor: r-oldrel-macos-x86_64