Last updated on 2023-01-31 21:51:30 CET.
Flavor | Version | Tinstall | Tcheck | Ttotal | Status | Flags |
---|---|---|---|---|---|---|
r-devel-linux-x86_64-debian-clang | 0.1.1 | 3.62 | 142.17 | 145.79 | NOTE | |
r-devel-linux-x86_64-debian-gcc | 0.1.1 | 3.34 | 104.34 | 107.68 | NOTE | |
r-devel-linux-x86_64-fedora-clang | 0.1.1 | 176.68 | NOTE | |||
r-devel-linux-x86_64-fedora-gcc | 0.1.1 | 189.00 | NOTE | |||
r-devel-windows-x86_64 | 0.1.1 | 13.00 | 180.00 | 193.00 | NOTE | |
r-patched-linux-x86_64 | 0.1.1 | 4.62 | 135.68 | 140.30 | NOTE | |
r-release-linux-x86_64 | 0.1.1 | 3.70 | 136.02 | 139.72 | NOTE | |
r-release-macos-arm64 | 0.1.1 | 43.00 | NOTE | |||
r-release-macos-x86_64 | 0.1.1 | 56.00 | NOTE | |||
r-release-windows-x86_64 | 0.1.1 | 19.00 | 179.00 | 198.00 | NOTE | |
r-oldrel-macos-arm64 | 0.1.1 | 48.00 | NOTE | |||
r-oldrel-macos-x86_64 | 0.1.1 | 84.00 | NOTE | |||
r-oldrel-windows-ix86+x86_64 | 0.1.1 | 8.00 | 187.00 | 195.00 | NOTE |
Version: 0.1.1
Check: LazyData
Result: NOTE
'LazyData' is specified without a 'data' directory
Flavors: r-devel-linux-x86_64-debian-clang, r-devel-linux-x86_64-debian-gcc, r-devel-linux-x86_64-fedora-clang, r-devel-linux-x86_64-fedora-gcc, r-devel-windows-x86_64, r-patched-linux-x86_64, r-release-linux-x86_64, r-release-macos-arm64, r-release-macos-x86_64, r-release-windows-x86_64, r-oldrel-macos-arm64, r-oldrel-macos-x86_64, r-oldrel-windows-ix86+x86_64