CRAN Package Check Results for Package CIplot

Last updated on 2022-10-01 00:49:21 CEST.

Flavor Version Tinstall Tcheck Ttotal Status Flags
r-devel-linux-x86_64-debian-clang 1.0 7.31 67.11 74.42 NOTE
r-devel-linux-x86_64-debian-gcc 1.0 6.77 50.91 57.68 NOTE
r-devel-linux-x86_64-fedora-clang 1.0 108.80 NOTE
r-devel-linux-x86_64-fedora-gcc 1.0 100.15 NOTE
r-devel-windows-x86_64 1.0 11.00 87.00 98.00 NOTE
r-patched-linux-x86_64 1.0 7.01 63.62 70.63 NOTE
r-release-linux-x86_64 1.0 6.05 62.65 68.70 NOTE
r-release-macos-arm64 1.0 28.00 NOTE
r-release-macos-x86_64 1.0 40.00 NOTE
r-release-windows-x86_64 1.0 16.00 90.00 106.00 NOTE
r-oldrel-macos-arm64 1.0 35.00 NOTE
r-oldrel-macos-x86_64 1.0 44.00 NOTE
r-oldrel-windows-ix86+x86_64 1.0 18.00 93.00 111.00 OK

Check Details

Version: 1.0
Check: package dependencies
Result: NOTE
    Package suggested but not available for checking: 'userfriendlyscience'
Flavors: r-devel-linux-x86_64-debian-clang, r-devel-linux-x86_64-debian-gcc, r-devel-linux-x86_64-fedora-clang, r-devel-linux-x86_64-fedora-gcc, r-devel-windows-x86_64, r-patched-linux-x86_64, r-release-linux-x86_64, r-release-macos-arm64, r-release-macos-x86_64, r-release-windows-x86_64, r-oldrel-macos-arm64, r-oldrel-macos-x86_64