CRAN Package Check Results for Package CIMTx

Last updated on 2022-10-02 06:52:06 CEST.

Flavor Version Tinstall Tcheck Ttotal Status Flags
r-devel-linux-x86_64-debian-clang 1.2.0 20.67 158.86 179.53 OK
r-devel-linux-x86_64-debian-gcc 1.2.0 15.49 117.01 132.50 OK
r-devel-linux-x86_64-fedora-clang 1.2.0 238.50 NOTE
r-devel-linux-x86_64-fedora-gcc 1.2.0 219.03 NOTE
r-devel-windows-x86_64 1.2.0 37.00 186.00 223.00 OK
r-patched-linux-x86_64 1.2.0 19.62 144.94 164.56 OK
r-release-linux-x86_64 1.2.0 17.91 150.27 168.18 OK
r-release-macos-arm64 1.2.0 59.00 NOTE
r-release-macos-x86_64 1.2.0 82.00 NOTE
r-release-windows-x86_64 1.2.0 23.00 201.00 224.00 OK
r-oldrel-macos-arm64 1.2.0 52.00 NOTE
r-oldrel-macos-x86_64 1.2.0 78.00 NOTE
r-oldrel-windows-ix86+x86_64 1.2.0 45.00 190.00 235.00 OK

Check Details

Version: 1.2.0
Check: dependencies in R code
Result: NOTE
    Namespace in Imports field not imported from: ‘magrittr’
     All declared Imports should be used.
Flavors: r-devel-linux-x86_64-fedora-clang, r-devel-linux-x86_64-fedora-gcc, r-release-macos-arm64, r-release-macos-x86_64, r-oldrel-macos-arm64, r-oldrel-macos-x86_64