CRAN Package Check Results for Package CEDARS

Last updated on 2022-08-12 06:49:16 CEST.

Flavor Version Tinstall Tcheck Ttotal Status Flags
r-devel-linux-x86_64-debian-clang 1.90 4.46 41.82 46.28 OK
r-devel-linux-x86_64-debian-gcc 1.90 3.84 32.33 36.17 OK
r-devel-linux-x86_64-fedora-clang 1.90 67.11 NOTE
r-devel-linux-x86_64-fedora-gcc 1.90 64.99 NOTE
r-devel-windows-x86_64 1.90 19.00 76.00 95.00 OK
r-patched-linux-x86_64 1.90 5.85 38.96 44.81 OK
r-release-linux-x86_64 1.90 4.50 37.99 42.49 OK
r-release-macos-arm64 1.90 37.00 NOTE
r-release-macos-x86_64 1.90 56.00 NOTE
r-release-windows-x86_64 1.90 15.00 74.00 89.00 OK
r-oldrel-macos-arm64 1.90 43.00 NOTE
r-oldrel-macos-x86_64 1.90 56.00 NOTE
r-oldrel-windows-ix86+x86_64 1.90 11.00 67.00 78.00 OK

Check Details

Version: 1.90
Check: data for non-ASCII characters
Result: NOTE
     Note: found 907 marked UTF-8 strings
Flavors: r-devel-linux-x86_64-fedora-clang, r-devel-linux-x86_64-fedora-gcc, r-release-macos-arm64, r-release-macos-x86_64, r-oldrel-macos-arm64, r-oldrel-macos-x86_64