Last updated on 2025-01-23 12:54:54 CET.
Flavor | Version | Tinstall | Tcheck | Ttotal | Status | Flags |
---|---|---|---|---|---|---|
r-devel-linux-x86_64-debian-clang | 2.2.1 | 175.21 | 71.08 | 246.29 | OK | |
r-devel-linux-x86_64-debian-gcc | 2.2.1 | 143.46 | 57.06 | 200.52 | OK | |
r-devel-linux-x86_64-fedora-clang | 2.2.1 | 462.94 | OK | |||
r-devel-linux-x86_64-fedora-gcc | 2.2.1 | 545.56 | OK | |||
r-devel-windows-x86_64 | 2.2.1 | 180.00 | 116.00 | 296.00 | OK | |
r-patched-linux-x86_64 | 2.2.1 | 209.92 | 73.10 | 283.02 | OK | |
r-release-linux-x86_64 | 2.2.1 | 198.50 | 73.83 | 272.33 | OK | |
r-release-macos-arm64 | 2.2.1 | 114.00 | NOTE | |||
r-release-macos-x86_64 | 2.2.1 | 158.00 | NOTE | |||
r-release-windows-x86_64 | 2.2.1 | 176.00 | 114.00 | 290.00 | OK | |
r-oldrel-macos-arm64 | 2.2.1 | 115.00 | NOTE | |||
r-oldrel-macos-x86_64 | 2.2.1 | 138.00 | NOTE | |||
r-oldrel-windows-x86_64 | 2.2.1 | 228.00 | 144.00 | 372.00 | OK |
Version: 2.2.1
Check: installed package size
Result: NOTE
installed size is 24.5Mb
sub-directories of 1Mb or more:
libs 24.1Mb
Flavors: r-release-macos-arm64, r-release-macos-x86_64, r-oldrel-macos-arm64, r-oldrel-macos-x86_64