CRAN Package Check Results for Package CDVine

Last updated on 2020-07-07 02:08:10 CEST.

Flavor Version Tinstall Tcheck Ttotal Status Flags
r-devel-linux-x86_64-debian-clang 1.4 18.63 65.68 84.31 OK
r-devel-linux-x86_64-debian-gcc 1.4 15.40 50.18 65.58 OK
r-devel-linux-x86_64-fedora-clang 1.4 110.61 NOTE
r-devel-linux-x86_64-fedora-gcc 1.4 101.96 NOTE
r-devel-windows-ix86+x86_64 1.4 29.00 88.00 117.00 OK
r-patched-linux-x86_64 1.4 18.55 66.70 85.25 OK
r-patched-solaris-x86 1.4 135.90 OK
r-release-linux-x86_64 1.4 17.29 67.85 85.14 OK
r-release-osx-x86_64 1.4 OK
r-release-windows-ix86+x86_64 1.4 29.00 88.00 117.00 OK
r-oldrel-osx-x86_64 1.4 OK
r-oldrel-windows-ix86+x86_64 1.4 30.00 128.00 158.00 OK

Check Details

Version: 1.4
Check: compiled code
Result: NOTE
    File ‘CDVine/libs/CDVine.so’:
     Found no calls to: ‘R_registerRoutines’, ‘R_useDynamicSymbols’
    
    It is good practice to register native routines and to disable symbol
    search.
    
    See ‘Writing portable packages’ in the ‘Writing R Extensions’ manual.
Flavors: r-devel-linux-x86_64-fedora-clang, r-devel-linux-x86_64-fedora-gcc