CRAN Package Check Results for Package CDM

Last updated on 2020-05-29 22:50:01 CEST.

Flavor Version Tinstall Tcheck Ttotal Status Flags
r-devel-linux-x86_64-debian-clang 7.5-15 169.41 145.34 314.75 OK
r-devel-linux-x86_64-debian-gcc 7.5-15 120.51 109.27 229.78 OK
r-devel-linux-x86_64-fedora-clang 7.5-15 439.40 NOTE
r-devel-linux-x86_64-fedora-gcc 7.5-15 389.75 OK
r-devel-windows-ix86+x86_64 7.5-15 384.00 230.00 614.00 NOTE
r-patched-linux-x86_64 7.5-15 132.05 145.01 277.06 OK
r-patched-solaris-x86 7.5-15 389.80 OK
r-release-linux-x86_64 7.5-15 126.43 146.04 272.47 OK
r-release-osx-x86_64 7.5-15 NOTE
r-release-windows-ix86+x86_64 7.5-15 336.00 196.00 532.00 NOTE
r-oldrel-osx-x86_64 7.5-15 NOTE
r-oldrel-windows-ix86+x86_64 7.5-15 397.00 186.00 583.00 OK

Check Details

Version: 7.5-15
Check: installed package size
Result: NOTE
     installed size is 7.1Mb
     sub-directories of 1Mb or more:
     data 1.3Mb
     libs 4.3Mb
Flavors: r-devel-linux-x86_64-fedora-clang, r-devel-windows-ix86+x86_64, r-release-osx-x86_64, r-release-windows-ix86+x86_64, r-oldrel-osx-x86_64