CRAN Package Check Results for Package CASMAP

Last updated on 2020-05-29 07:53:52 CEST.

Flavor Version Tinstall Tcheck Ttotal Status Flags
r-devel-linux-x86_64-debian-clang 0.6.1 68.53 32.52 101.05 OK
r-devel-linux-x86_64-debian-gcc 0.6.1 49.65 26.02 75.67 OK
r-devel-linux-x86_64-fedora-clang 0.6.1 154.45 NOTE
r-devel-linux-x86_64-fedora-gcc 0.6.1 114.27 OK
r-devel-windows-ix86+x86_64 0.6.1 164.00 85.00 249.00 OK
r-patched-linux-x86_64 0.6.1 53.99 32.66 86.65 OK
r-patched-solaris-x86 0.6.1 126.30 OK
r-release-linux-x86_64 0.6.1 53.39 32.67 86.06 OK
r-release-osx-x86_64 0.6.1 NOTE
r-release-windows-ix86+x86_64 0.6.1 126.00 66.00 192.00 OK
r-oldrel-osx-x86_64 0.6.1 NOTE
r-oldrel-windows-ix86+x86_64 0.6.1 205.00 66.00 271.00 OK

Check Details

Version: 0.6.1
Check: installed package size
Result: NOTE
     installed size is 6.1Mb
     sub-directories of 1Mb or more:
     libs 5.3Mb
Flavors: r-devel-linux-x86_64-fedora-clang, r-release-osx-x86_64, r-oldrel-osx-x86_64