Last updated on 2023-01-31 19:07:17 CET.
Flavor | Version | Tinstall | Tcheck | Ttotal | Status | Flags |
---|---|---|---|---|---|---|
r-devel-linux-x86_64-debian-clang | 0.6.1 | 70.08 | 40.09 | 110.17 | NOTE | |
r-devel-linux-x86_64-debian-gcc | 0.6.1 | 55.13 | 31.64 | 86.77 | NOTE | |
r-devel-linux-x86_64-fedora-clang | 0.6.1 | 180.37 | NOTE | |||
r-devel-linux-x86_64-fedora-gcc | 0.6.1 | 142.70 | NOTE | |||
r-devel-windows-x86_64 | 0.6.1 | 110.00 | 116.00 | 226.00 | NOTE | |
r-patched-linux-x86_64 | 0.6.1 | 64.97 | 36.63 | 101.60 | NOTE | |
r-release-linux-x86_64 | 0.6.1 | 64.67 | 37.65 | 102.32 | NOTE | |
r-release-macos-arm64 | 0.6.1 | 43.00 | NOTE | |||
r-release-macos-x86_64 | 0.6.1 | 70.00 | NOTE | |||
r-release-windows-x86_64 | 0.6.1 | 118.00 | 98.00 | 216.00 | NOTE | |
r-oldrel-macos-arm64 | 0.6.1 | 49.00 | NOTE | |||
r-oldrel-macos-x86_64 | 0.6.1 | 83.00 | NOTE | |||
r-oldrel-windows-ix86+x86_64 | 0.6.1 | 151.00 | 87.00 | 238.00 | NOTE |
Version: 0.6.1
Check: C++ specification
Result: NOTE
Specified C++11: please update to current default of C++17
Flavors: r-devel-linux-x86_64-debian-clang, r-devel-linux-x86_64-debian-gcc, r-devel-linux-x86_64-fedora-clang, r-devel-linux-x86_64-fedora-gcc, r-devel-windows-x86_64
Version: 0.6.1
Check: LazyData
Result: NOTE
'LazyData' is specified without a 'data' directory
Flavors: r-devel-linux-x86_64-debian-clang, r-devel-linux-x86_64-debian-gcc, r-devel-linux-x86_64-fedora-clang, r-devel-linux-x86_64-fedora-gcc, r-devel-windows-x86_64, r-patched-linux-x86_64, r-release-linux-x86_64, r-release-macos-arm64, r-release-macos-x86_64, r-release-windows-x86_64, r-oldrel-macos-arm64, r-oldrel-macos-x86_64, r-oldrel-windows-ix86+x86_64
Version: 0.6.1
Check: installed package size
Result: NOTE
installed size is 5.8Mb
sub-directories of 1Mb or more:
libs 5.0Mb
Flavors: r-release-macos-arm64, r-release-macos-x86_64, r-oldrel-macos-arm64, r-oldrel-macos-x86_64