Last updated on 2022-08-14 00:54:16 CEST.
Flavor | Version | Tinstall | Tcheck | Ttotal | Status | Flags |
---|---|---|---|---|---|---|
r-devel-linux-x86_64-debian-clang | 1.0.10 | 8.45 | 69.25 | 77.70 | OK | |
r-devel-linux-x86_64-debian-gcc | 1.0.10 | 7.23 | 51.55 | 58.78 | OK | |
r-devel-linux-x86_64-fedora-clang | 1.0.10 | 107.37 | OK | |||
r-devel-linux-x86_64-fedora-gcc | 1.0.10 | 101.85 | OK | |||
r-devel-windows-x86_64 | 1.0.10 | 39.00 | 95.00 | 134.00 | OK | |
r-patched-linux-x86_64 | 1.0.10 | 9.22 | 64.53 | 73.75 | OK | |
r-release-linux-x86_64 | 1.0.10 | 6.52 | 64.49 | 71.01 | OK | |
r-release-macos-arm64 | 1.0.10 | 31.00 | NOTE | |||
r-release-macos-x86_64 | 1.0.10 | 54.00 | OK | |||
r-release-windows-x86_64 | 1.0.10 | 75.00 | 96.00 | 171.00 | OK | |
r-oldrel-macos-arm64 | 1.0.10 | 26.00 | OK | |||
r-oldrel-macos-x86_64 | 1.0.10 | 41.00 | OK | |||
r-oldrel-windows-ix86+x86_64 | 1.0.10 | 23.00 | 89.00 | 112.00 | OK |
Version: 1.0.10
Check: package dependencies
Result: NOTE
Packages suggested but not available for checking:
'AnnotationDbi', 'KEGGREST', 'GO.db'
Flavor: r-release-macos-arm64