Last updated on 2022-06-25 12:54:18 CEST.
Flavor | Version | Tinstall | Tcheck | Ttotal | Status | Flags |
---|---|---|---|---|---|---|
r-devel-linux-x86_64-debian-clang | 1.0.16 | 3.80 | 127.32 | 131.12 | NOTE | |
r-devel-linux-x86_64-debian-gcc | 1.0.16 | 3.33 | 97.20 | 100.53 | NOTE | |
r-devel-linux-x86_64-fedora-clang | 1.0.16 | 166.19 | NOTE | |||
r-devel-linux-x86_64-fedora-gcc | 1.0.16 | 164.88 | NOTE | |||
r-devel-windows-x86_64 | 1.0.16 | 18.00 | 185.00 | 203.00 | NOTE | |
r-patched-linux-x86_64 | 1.0.16 | 3.98 | 119.35 | 123.33 | NOTE | |
r-release-linux-x86_64 | 1.0.16 | 4.13 | 122.37 | 126.50 | NOTE | |
r-release-macos-arm64 | 1.0.16 | 95.00 | NOTE | |||
r-release-macos-x86_64 | 1.0.16 | 126.00 | NOTE | |||
r-release-windows-x86_64 | 1.0.16 | 122.00 | 193.00 | 315.00 | NOTE | |
r-oldrel-macos-arm64 | 1.0.16 | 116.00 | NOTE | |||
r-oldrel-macos-x86_64 | 1.0.16 | 123.00 | NOTE | |||
r-oldrel-windows-ix86+x86_64 | 1.0.16 | 9.00 | 96.00 | 105.00 | NOTE |
Version: 1.0.16
Check: LazyData
Result: NOTE
'LazyData' is specified without a 'data' directory
Flavors: r-devel-linux-x86_64-debian-clang, r-devel-linux-x86_64-debian-gcc, r-devel-linux-x86_64-fedora-clang, r-devel-linux-x86_64-fedora-gcc, r-devel-windows-x86_64, r-patched-linux-x86_64, r-release-linux-x86_64, r-release-macos-arm64, r-release-macos-x86_64, r-release-windows-x86_64, r-oldrel-macos-arm64, r-oldrel-macos-x86_64, r-oldrel-windows-ix86+x86_64