Last updated on 2022-06-25 12:54:18 CEST.
Flavor | Version | Tinstall | Tcheck | Ttotal | Status | Flags |
---|---|---|---|---|---|---|
r-devel-linux-x86_64-debian-clang | 3.0.8 | 14.93 | 122.91 | 137.84 | NOTE | |
r-devel-linux-x86_64-debian-gcc | 3.0.8 | 13.74 | 93.91 | 107.65 | NOTE | |
r-devel-linux-x86_64-fedora-clang | 3.0.8 | 186.59 | WARN | |||
r-devel-linux-x86_64-fedora-gcc | 3.0.8 | 175.66 | WARN | |||
r-devel-windows-x86_64 | 3.0.8 | 55.00 | 130.00 | 185.00 | NOTE | |
r-patched-linux-x86_64 | 3.0.8 | 21.33 | 133.87 | 155.20 | NOTE | |
r-release-linux-x86_64 | 3.0.8 | 18.95 | 132.27 | 151.22 | NOTE | |
r-release-macos-arm64 | 3.0.8 | 78.00 | NOTE | |||
r-release-macos-x86_64 | 3.0.8 | 154.00 | NOTE | |||
r-release-windows-x86_64 | 3.0.8 | 67.00 | 131.00 | 198.00 | NOTE | |
r-oldrel-macos-arm64 | 3.0.8 | 121.00 | NOTE | |||
r-oldrel-macos-x86_64 | 3.0.8 | 144.00 | NOTE | |||
r-oldrel-windows-ix86+x86_64 | 3.0.8 | 32.00 | 123.00 | 155.00 | NOTE |
Version: 3.0.8
Check: LazyData
Result: NOTE
'LazyData' is specified without a 'data' directory
Flavors: r-devel-linux-x86_64-debian-clang, r-devel-linux-x86_64-debian-gcc, r-devel-linux-x86_64-fedora-clang, r-devel-linux-x86_64-fedora-gcc, r-devel-windows-x86_64, r-patched-linux-x86_64, r-release-linux-x86_64, r-release-macos-arm64, r-release-macos-x86_64, r-release-windows-x86_64, r-oldrel-macos-arm64, r-oldrel-macos-x86_64, r-oldrel-windows-ix86+x86_64
Version: 3.0.8
Check: package dependencies
Result: WARN
Requires (indirectly) orphaned package: ‘gtools’
Flavors: r-devel-linux-x86_64-fedora-clang, r-devel-linux-x86_64-fedora-gcc