CRAN Package Check Results for Package BullsEyeR

Last updated on 2020-10-29 13:48:40 CET.

Flavor Version Tinstall Tcheck Ttotal Status Flags
r-devel-linux-x86_64-debian-clang 0.2.0 9.73 69.91 79.64 OK
r-devel-linux-x86_64-debian-gcc 0.2.0 7.02 53.51 60.53 OK
r-devel-linux-x86_64-fedora-clang 0.2.0 103.66 NOTE
r-devel-linux-x86_64-fedora-gcc 0.2.0 104.11 OK
r-devel-windows-ix86+x86_64 0.2.0 19.00 91.00 110.00 OK
r-patched-linux-x86_64 0.2.0 8.90 64.70 73.60 OK
r-patched-solaris-x86 0.2.0 149.80 OK
r-release-linux-x86_64 0.2.0 7.42 66.20 73.62 OK
r-release-macos-x86_64 0.2.0 OK
r-release-windows-ix86+x86_64 0.2.0 15.00 89.00 104.00 OK
r-oldrel-macos-x86_64 0.2.0 OK
r-oldrel-windows-ix86+x86_64 0.2.0 17.00 86.00 103.00 OK

Check Details

Version: 0.2.0
Check: Rd cross-references
Result: NOTE
    Undeclared package ‘ldatuning’ in Rd xrefs
Flavor: r-devel-linux-x86_64-fedora-clang