CRAN Package Check Results for Package Buddle

Last updated on 2020-05-29 07:53:52 CEST.

Flavor Version Tinstall Tcheck Ttotal Status Flags
r-devel-linux-x86_64-debian-clang 2.0.1 52.94 29.93 82.87 OK
r-devel-linux-x86_64-debian-gcc 2.0.1 36.75 24.42 61.17 OK
r-devel-linux-x86_64-fedora-clang 2.0.1 104.95 OK
r-devel-linux-x86_64-fedora-gcc 2.0.1 97.85 OK
r-devel-windows-ix86+x86_64 2.0.1 114.00 81.00 195.00 OK
r-patched-linux-x86_64 2.0.1 40.13 29.37 69.50 OK
r-patched-solaris-x86 2.0.1 107.50 OK
r-release-linux-x86_64 2.0.1 40.20 30.16 70.36 OK
r-release-osx-x86_64 2.0.1 NOTE
r-release-windows-ix86+x86_64 2.0.1 93.00 87.00 180.00 OK
r-oldrel-osx-x86_64 2.0.1 NOTE
r-oldrel-windows-ix86+x86_64 2.0.1 110.00 60.00 170.00 OK

Check Details

Version: 2.0.1
Check: installed package size
Result: NOTE
     installed size is 5.2Mb
     sub-directories of 1Mb or more:
     libs 5.0Mb
Flavors: r-release-osx-x86_64, r-oldrel-osx-x86_64