CRAN Package Check Results for Package Branching

Last updated on 2020-05-24 22:47:59 CEST.

Flavor Version Tinstall Tcheck Ttotal Status Flags
r-devel-linux-x86_64-debian-clang 0.9.4 5.39 23.10 28.49 OK
r-devel-linux-x86_64-debian-gcc 0.9.4 3.97 17.97 21.94 OK
r-devel-linux-x86_64-fedora-clang 0.9.4 35.58 NOTE
r-devel-linux-x86_64-fedora-gcc 0.9.4 33.31 NOTE
r-devel-windows-ix86+x86_64 0.9.4 14.00 49.00 63.00 OK
r-patched-linux-x86_64 0.9.4 5.20 23.06 28.26 OK
r-patched-solaris-x86 0.9.4 50.40 OK
r-release-linux-x86_64 0.9.4 5.10 22.81 27.91 OK
r-release-osx-x86_64 0.9.4 OK
r-release-windows-ix86+x86_64 0.9.4 11.00 42.00 53.00 OK
r-oldrel-osx-x86_64 0.9.4 OK
r-oldrel-windows-ix86+x86_64 0.9.4 13.00 52.00 65.00 OK

Check Details

Version: 0.9.4
Check: compiled code
Result: NOTE
    File ‘Branching/libs/Branching.so’:
     Found no calls to: ‘R_registerRoutines’, ‘R_useDynamicSymbols’
    
    It is good practice to register native routines and to disable symbol
    search.
    
    See ‘Writing portable packages’ in the ‘Writing R Extensions’ manual.
Flavors: r-devel-linux-x86_64-fedora-clang, r-devel-linux-x86_64-fedora-gcc