CRAN Package Check Results for Package BoomSpikeSlab

Last updated on 2022-09-28 18:48:51 CEST.

Flavor Version Tinstall Tcheck Ttotal Status Flags
r-devel-linux-x86_64-debian-clang 1.2.5 46.08 127.16 173.24 OK
r-devel-linux-x86_64-debian-gcc 1.2.5 42.92 86.47 129.39 OK
r-devel-linux-x86_64-fedora-clang 1.2.5 230.46 NOTE
r-devel-linux-x86_64-fedora-gcc 1.2.5 227.52 OK
r-devel-windows-x86_64 1.2.5 152.00 251.00 403.00 OK
r-patched-linux-x86_64 1.2.5 51.92 116.30 168.22 OK
r-release-linux-x86_64 1.2.5 48.24 114.38 162.62 OK
r-release-macos-arm64 1.2.5 88.00 NOTE
r-release-macos-x86_64 1.2.5 96.00 NOTE
r-release-windows-x86_64 1.2.5 162.00 236.00 398.00 OK
r-oldrel-macos-arm64 1.2.5 99.00 NOTE
r-oldrel-macos-x86_64 1.2.5 100.00 NOTE
r-oldrel-windows-ix86+x86_64 1.2.5 117.00 304.00 421.00 NOTE

Additional issues

clang-ASAN

Check Details

Version: 1.2.5
Check: installed package size
Result: NOTE
     installed size is 6.3Mb
     sub-directories of 1Mb or more:
     libs 5.7Mb
Flavors: r-devel-linux-x86_64-fedora-clang, r-release-macos-arm64, r-release-macos-x86_64, r-oldrel-macos-arm64, r-oldrel-macos-x86_64, r-oldrel-windows-ix86+x86_64