CRAN Package Check Results for Package Boom

Last updated on 2020-10-21 13:49:49 CEST.

Flavor Version Tinstall Tcheck Ttotal Status Flags
r-devel-linux-x86_64-debian-clang 0.9.6 1912.49 40.74 1953.23 WARN
r-devel-linux-x86_64-debian-gcc 0.9.6 1281.86 40.24 1322.10 NOTE
r-devel-linux-x86_64-fedora-clang 0.9.6 2694.93 WARN
r-devel-linux-x86_64-fedora-gcc 0.9.6 2125.16 NOTE
r-devel-windows-ix86+x86_64 0.9.6 3472.00 91.00 3563.00 NOTE
r-patched-linux-x86_64 0.9.6 1807.53 48.85 1856.38 NOTE
r-release-linux-x86_64 0.9.6 1805.45 48.41 1853.86 NOTE
r-release-macos-x86_64 0.9.6 WARN
r-release-windows-ix86+x86_64 0.9.6 3043.00 79.00 3122.00 NOTE
r-oldrel-macos-x86_64 0.9.6 NOTE
r-oldrel-windows-ix86+x86_64 0.9.6 623.00 60.00 683.00 NOTE

Additional issues

gcc11

Check Details

Version: 0.9.6
Check: whether package can be installed
Result: WARN
    Found the following significant warnings:
     ../inst/include/Models/StateSpace/DynamicRegression.hpp:311:60: warning: 'dat' overrides a member function but is not marked 'override' [-Winconsistent-missing-override]
     ../inst/include/Models/StateSpace/DynamicRegression.hpp:312:66: warning: 'dat' overrides a member function but is not marked 'override' [-Winconsistent-missing-override]
Flavors: r-devel-linux-x86_64-debian-clang, r-devel-linux-x86_64-fedora-clang, r-release-macos-x86_64

Version: 0.9.6
Check: for GNU extensions in Makefiles
Result: NOTE
    GNU make is a SystemRequirements.
Flavors: r-devel-linux-x86_64-debian-clang, r-devel-linux-x86_64-debian-gcc, r-devel-linux-x86_64-fedora-clang, r-devel-linux-x86_64-fedora-gcc, r-devel-windows-ix86+x86_64, r-patched-linux-x86_64, r-release-linux-x86_64, r-release-macos-x86_64, r-release-windows-ix86+x86_64, r-oldrel-macos-x86_64, r-oldrel-windows-ix86+x86_64

Version: 0.9.6
Check: installed package size
Result: NOTE
     installed size is 374.0Mb
     sub-directories of 1Mb or more:
     include 8.8Mb
     lib 364.8Mb
Flavors: r-devel-linux-x86_64-fedora-clang, r-devel-windows-ix86+x86_64, r-release-macos-x86_64, r-release-windows-ix86+x86_64, r-oldrel-macos-x86_64, r-oldrel-windows-ix86+x86_64