CRAN Package Check Results for Package BisRNA

Last updated on 2020-10-26 13:46:53 CET.

Flavor Version Tinstall Tcheck Ttotal Status Flags
r-devel-linux-x86_64-debian-clang 0.2.2 1.97 25.03 27.00 OK
r-devel-linux-x86_64-debian-gcc 0.2.2 1.72 19.56 21.28 OK
r-devel-linux-x86_64-fedora-clang 0.2.2 41.74 OK
r-devel-linux-x86_64-fedora-gcc 0.2.2 35.49 OK
r-devel-windows-ix86+x86_64 0.2.2 5.00 44.00 49.00 OK
r-patched-linux-x86_64 0.2.2 2.02 24.15 26.17 OK
r-patched-solaris-x86 0.2.2 48.00 NOTE
r-release-linux-x86_64 0.2.2 2.06 24.24 26.30 OK
r-release-macos-x86_64 0.2.2 NOTE
r-release-windows-ix86+x86_64 0.2.2 4.00 31.00 35.00 OK
r-oldrel-macos-x86_64 0.2.2 NOTE
r-oldrel-windows-ix86+x86_64 0.2.2 4.00 41.00 45.00 OK

Check Details

Version: 0.2.2
Check: package dependencies
Result: NOTE
    Package suggested but not available for checking: ‘IHW’
Flavors: r-patched-solaris-x86, r-release-macos-x86_64, r-oldrel-macos-x86_64