CRAN Package Check Results for Package BioVenn

Last updated on 2024-06-13 06:57:55 CEST.

Flavor Version Tinstall Tcheck Ttotal Status Flags
r-devel-linux-x86_64-debian-clang 1.1.3 25.61 216.49 242.10 OK
r-devel-linux-x86_64-debian-gcc 1.1.3 0.23 1.87 2.10 ERROR
r-devel-linux-x86_64-fedora-clang 1.1.3 321.61 OK
r-devel-linux-x86_64-fedora-gcc 1.1.3 312.91 OK
r-devel-windows-x86_64 1.1.3 2.00 5.00 7.00 ERROR
r-patched-linux-x86_64 1.1.3 14.65 211.05 225.70 OK
r-release-linux-x86_64 1.1.3 14.57 210.29 224.86 OK
r-release-macos-arm64 1.1.3 84.00 OK
r-release-macos-x86_64 1.1.3 126.00 OK
r-release-windows-x86_64 1.1.3 19.00 113.00 132.00 FAIL
r-oldrel-macos-arm64 1.1.3 84.00 OK
r-oldrel-macos-x86_64 1.1.3 147.00 OK
r-oldrel-windows-x86_64 1.1.3 28.00 187.00 215.00 OK

Check Details

Version: 1.1.3
Check: package dependencies
Result: ERROR Package required but not available: ‘biomaRt’ See section ‘The DESCRIPTION file’ in the ‘Writing R Extensions’ manual. Flavor: r-devel-linux-x86_64-debian-gcc

Version: 1.1.3
Check: whether package can be installed
Result: ERROR Installation failed. Flavor: r-devel-windows-x86_64

Version: 1.1.3
Check: for code/documentation mismatches
Result: WARN Error: package or namespace load failed for 'BioVenn' in inDL(x, as.logical(local), as.logical(now), ...): unable to load shared object 'D:/RCompile/CRANpkg/lib/4.4/Biostrings/libs/x64/Biostrings.dll': LoadLibrary failure: Die Auslagerungsdatei ist zu klein, um diesen Vorgang durchzuführen. Call sequence: 6: stop(msg, call. = FALSE, domain = NA) 5: value[[3L]](cond) 4: tryCatchOne(expr, names, parentenv, handlers[[1L]]) 3: tryCatchList(expr, classes, parentenv, handlers) 2: tryCatch({ attr(package, "LibPath") <- which.lib.loc ns <- loadNamespace(package, lib.loc) env <- attachNamespace(ns, pos = pos, deps, exclude, include.only) }, error = function(e) { P <- if (!is.null(cc <- conditionCall(e))) paste(" in", deparse(cc)[1L]) else "" msg <- gettextf("package or namespace load failed for %s%s:\n %s", sQuote(package), P, conditionMessage(e)) if (logical.return && !quietly) message(paste("Error:", Execution halted Flavor: r-release-windows-x86_64

Version: 1.1.3
Check: files in ‘vignettes’
Result: FAIL
Flavor: r-release-windows-x86_64