CRAN Package Check Results for Package BinQuasi

Last updated on 2020-07-07 02:08:09 CEST.

Flavor Version Tinstall Tcheck Ttotal Status Flags
r-devel-linux-x86_64-debian-clang 0.1-6 47.14 622.05 669.19 OK
r-devel-linux-x86_64-debian-gcc 0.1-6 42.98 467.90 510.88 OK
r-devel-linux-x86_64-fedora-clang 0.1-6 815.70 OK
r-devel-linux-x86_64-fedora-gcc 0.1-6 811.44 OK
r-devel-windows-ix86+x86_64 0.1-6 87.00 696.00 783.00 OK
r-patched-linux-x86_64 0.1-6 43.33 610.91 654.24 OK
r-patched-solaris-x86 0.1-6 1089.30 OK
r-release-linux-x86_64 0.1-6 43.18 609.52 652.70 OK
r-release-osx-x86_64 0.1-6 ERROR
r-release-windows-ix86+x86_64 0.1-6 93.00 677.00 770.00 OK
r-oldrel-osx-x86_64 0.1-6 ERROR
r-oldrel-windows-ix86+x86_64 0.1-6 113.00 856.00 969.00 OK

Check Details

Version: 0.1-6
Check: package dependencies
Result: ERROR
    Package required but not available: ‘csaw’
    
    See section ‘The DESCRIPTION file’ in the ‘Writing R Extensions’
    manual.
Flavors: r-release-osx-x86_64, r-oldrel-osx-x86_64