CRAN Package Check Results for Package BenfordTests

Last updated on 2024-06-15 06:49:41 CEST.

Flavor Version Tinstall Tcheck Ttotal Status Flags
r-devel-linux-x86_64-debian-clang 1.2.0 4.01 28.19 32.20 OK
r-devel-linux-x86_64-debian-gcc 1.2.0 2.96 21.88 24.84 OK
r-devel-linux-x86_64-fedora-clang 1.2.0 41.30 NOTE
r-devel-linux-x86_64-fedora-gcc 1.2.0 38.68 NOTE
r-devel-windows-x86_64 1.2.0 5.00 47.00 52.00 OK
r-patched-linux-x86_64 1.2.0 3.74 27.03 30.77 OK
r-release-linux-x86_64 1.2.0 3.12 27.39 30.51 OK
r-release-macos-arm64 1.2.0 18.00 OK
r-release-macos-x86_64 1.2.0 36.00 OK
r-release-windows-x86_64 1.2.0 6.00 46.00 52.00 OK
r-oldrel-macos-arm64 1.2.0 18.00 OK
r-oldrel-macos-x86_64 1.2.0 25.00 OK
r-oldrel-windows-x86_64 1.2.0 6.00 49.00 55.00 OK

Check Details

Version: 1.2.0
Check: compiled code
Result: NOTE File ‘BenfordTests/libs/BenfordTests.so’: Found no calls to: ‘R_registerRoutines’, ‘R_useDynamicSymbols’ It is good practice to register native routines and to disable symbol search. See ‘Writing portable packages’ in the ‘Writing R Extensions’ manual. Flavors: r-devel-linux-x86_64-fedora-clang, r-devel-linux-x86_64-fedora-gcc