CRAN Package Check Results for Package BayesianFROC

Last updated on 2022-06-30 06:49:19 CEST.

Flavor Version Tinstall Tcheck Ttotal Status Flags
r-devel-linux-x86_64-debian-clang 1.0.0 33.49 209.00 242.49 NOTE
r-devel-linux-x86_64-debian-gcc 1.0.0 24.02 154.14 178.16 NOTE
r-devel-linux-x86_64-fedora-clang 1.0.0 298.45 NOTE
r-devel-linux-x86_64-fedora-gcc 1.0.0 296.25 NOTE
r-devel-windows-x86_64 1.0.0 519.00 265.00 784.00 NOTE
r-patched-linux-x86_64 1.0.0 38.23 197.58 235.81 OK
r-release-linux-x86_64 1.0.0 25.83 196.63 222.46 OK
r-release-macos-arm64 1.0.0 81.00 OK
r-release-macos-x86_64 1.0.0 133.00 OK
r-release-windows-x86_64 1.0.0 330.00 258.00 588.00 OK
r-oldrel-macos-arm64 1.0.0 75.00 OK
r-oldrel-macos-x86_64 1.0.0 107.00 OK
r-oldrel-windows-ix86+x86_64 1.0.0 60.00 252.00 312.00 OK

Check Details

Version: 1.0.0
Check: Rd files
Result: NOTE
    checkRd: (-1) check_rhat.Rd:30: Escaped LaTeX specials: \&
    checkRd: (-1) snippet_for_BayesianFROC.Rd:22: Escaped LaTeX specials: \$
Flavors: r-devel-linux-x86_64-debian-clang, r-devel-linux-x86_64-debian-gcc, r-devel-linux-x86_64-fedora-clang, r-devel-linux-x86_64-fedora-gcc, r-devel-windows-x86_64