CRAN Package Check Results for Package BayesVarSel

Last updated on 2022-10-07 12:54:55 CEST.

Flavor Version Tinstall Tcheck Ttotal Status Flags
r-devel-linux-x86_64-debian-clang 2.0.1 12.89 68.02 80.91 WARN
r-devel-linux-x86_64-debian-gcc 2.0.1 11.99 52.10 64.09 NOTE
r-devel-linux-x86_64-fedora-clang 2.0.1 120.86 WARN
r-devel-linux-x86_64-fedora-gcc 2.0.1 125.36 OK
r-devel-windows-x86_64 2.0.1 59.00 148.00 207.00 OK
r-patched-linux-x86_64 2.0.1 13.24 65.08 78.32 OK
r-release-linux-x86_64 2.0.1 14.87 64.60 79.47 OK
r-release-macos-arm64 2.0.1 37.00 NOTE
r-release-macos-x86_64 2.0.1 48.00 NOTE
r-release-windows-x86_64 2.0.1 57.00 143.00 200.00 OK
r-oldrel-macos-arm64 2.0.1 109.00 NOTE
r-oldrel-macos-x86_64 2.0.1 130.00 NOTE
r-oldrel-windows-ix86+x86_64 2.0.1 36.00 118.00 154.00 OK

Additional issues

clang14

Check Details

Version: 2.0.1
Check: whether package can be installed
Result: WARN
    Found the following significant warnings:
     priorprob.c:45:14: warning: use of bitwise '&' with boolean operands [-Wbitwise-instead-of-logical]
     priorprob.c:93:14: warning: use of bitwise '&' with boolean operands [-Wbitwise-instead-of-logical]
     priorprob.c:141:14: warning: use of bitwise '&' with boolean operands [-Wbitwise-instead-of-logical]
Flavors: r-devel-linux-x86_64-debian-clang, r-devel-linux-x86_64-fedora-clang

Version: 2.0.1
Check: compilation flags used
Result: NOTE
    Compilation used the following non-portable flag(s):
     ‘-Wstrict-prototypes’
Flavor: r-devel-linux-x86_64-debian-gcc

Version: 2.0.1
Check: installed package size
Result: NOTE
     installed size is 6.6Mb
     sub-directories of 1Mb or more:
     doc 2.7Mb
     libs 3.5Mb
Flavors: r-release-macos-arm64, r-release-macos-x86_64, r-oldrel-macos-arm64, r-oldrel-macos-x86_64