Last updated on 2023-10-02 19:11:03 CEST.
Flavor | Version | Tinstall | Tcheck | Ttotal | Status | Flags |
---|---|---|---|---|---|---|
r-devel-linux-x86_64-debian-clang | 2.2.5 | 16.03 | 51.92 | 67.95 | OK | |
r-devel-linux-x86_64-debian-gcc | 2.2.5 | 15.92 | 39.73 | 55.65 | OK | |
r-devel-linux-x86_64-fedora-clang | 2.2.5 | 82.38 | NOTE | |||
r-devel-linux-x86_64-fedora-gcc | 2.2.5 | 90.65 | NOTE | |||
r-devel-windows-x86_64 | 2.2.5 | 17.00 | 77.00 | 94.00 | OK | |
r-patched-linux-x86_64 | 2.2.5 | 17.74 | 48.72 | 66.46 | OK | |
r-release-linux-x86_64 | 2.2.5 | 19.44 | 49.05 | 68.49 | OK | |
r-release-macos-arm64 | 2.2.5 | 28.00 | OK | |||
r-release-macos-x86_64 | 2.2.5 | 44.00 | OK | |||
r-release-windows-x86_64 | 2.2.5 | 24.00 | 81.00 | 105.00 | OK | |
r-oldrel-macos-arm64 | 2.2.5 | 29.00 | OK | |||
r-oldrel-macos-x86_64 | 2.2.5 | 38.00 | OK | |||
r-oldrel-windows-x86_64 | 2.2.5 | 22.00 | 73.00 | 95.00 | OK |
Version: 2.2.5
Check: data for non-ASCII characters
Result: NOTE
Note: found 385 marked UTF-8 strings
Flavors: r-devel-linux-x86_64-fedora-clang, r-devel-linux-x86_64-fedora-gcc