CRAN Package Check Results for Package BayesTree

Last updated on 2020-05-29 07:53:51 CEST.

Flavor Version Tinstall Tcheck Ttotal Status Flags
r-devel-linux-x86_64-debian-clang 0.3-1.4 17.63 25.25 42.88 OK
r-devel-linux-x86_64-debian-gcc 0.3-1.4 11.19 20.96 32.15 OK
r-devel-linux-x86_64-fedora-clang 0.3-1.4 64.74 NOTE
r-devel-linux-x86_64-fedora-gcc 0.3-1.4 49.73 NOTE
r-devel-windows-ix86+x86_64 0.3-1.4 46.00 76.00 122.00 OK
r-patched-linux-x86_64 0.3-1.4 12.04 25.87 37.91 OK
r-patched-solaris-x86 0.3-1.4 87.90 OK
r-release-linux-x86_64 0.3-1.4 11.93 26.11 38.04 OK
r-release-osx-x86_64 0.3-1.4 OK
r-release-windows-ix86+x86_64 0.3-1.4 37.00 77.00 114.00 OK
r-oldrel-osx-x86_64 0.3-1.4 OK
r-oldrel-windows-ix86+x86_64 0.3-1.4 47.00 62.00 109.00 OK

Check Details

Version: 0.3-1.4
Check: compiled code
Result: NOTE
    File ‘BayesTree/libs/BayesTree.so’:
     Found no calls to: ‘R_registerRoutines’, ‘R_useDynamicSymbols’
    
    It is good practice to register native routines and to disable symbol
    search.
    
    See ‘Writing portable packages’ in the ‘Writing R Extensions’ manual.
Flavors: r-devel-linux-x86_64-fedora-clang, r-devel-linux-x86_64-fedora-gcc