CRAN Package Check Results for Package BayesSenMC

Last updated on 2020-10-28 19:47:41 CET.

Flavor Version Tinstall Tcheck Ttotal Status Flags
r-devel-linux-x86_64-debian-clang 0.1.2 13.74 132.43 146.17 OK
r-devel-linux-x86_64-debian-gcc 0.1.2 12.14 98.79 110.93 OK
r-devel-linux-x86_64-fedora-clang 0.1.2 186.44 OK
r-devel-linux-x86_64-fedora-gcc 0.1.2 181.42 OK
r-devel-windows-ix86+x86_64 0.1.2 37.00 171.00 208.00 OK
r-patched-linux-x86_64 0.1.2 ERROR
r-patched-solaris-x86 0.1.2 240.70 OK
r-release-linux-x86_64 0.1.2 12.28 119.80 132.08 OK
r-release-macos-x86_64 0.1.2 OK
r-release-windows-ix86+x86_64 0.1.2 29.00 129.00 158.00 OK
r-oldrel-macos-x86_64 0.1.2 OK
r-oldrel-windows-ix86+x86_64 0.1.2 33.00 159.00 192.00 OK

Check Details

Version: 0.1.2
Check: package dependencies
Result: ERROR
    Package required but not available: ‘rstan’
    
    See section ‘The DESCRIPTION file’ in the ‘Writing R Extensions’
    manual.
Flavor: r-patched-linux-x86_64