CRAN Package Check Results for Package BayesSUR

Last updated on 2020-12-04 19:48:24 CET.

Flavor Version Tinstall Tcheck Ttotal Status Flags
r-devel-linux-x86_64-debian-clang 1.2-3 220.53 96.60 317.13 OK
r-devel-linux-x86_64-debian-gcc 1.2-3 150.26 76.59 226.85 OK
r-devel-linux-x86_64-fedora-clang 1.2-3 438.68 NOTE
r-devel-linux-x86_64-fedora-gcc 1.2-3 403.45 OK
r-devel-windows-ix86+x86_64 1.2-3 448.00 175.00 623.00 NOTE
r-patched-linux-x86_64 1.2-3 174.61 92.72 267.33 OK
r-patched-solaris-x86 1.2-3 368.10 OK
r-release-linux-x86_64 1.2-3 177.54 92.37 269.91 OK
r-release-macos-x86_64 1.2-3 NOTE
r-release-windows-ix86+x86_64 1.2-3 341.00 178.00 519.00 NOTE
r-oldrel-macos-x86_64 1.2-3 NOTE
r-oldrel-windows-ix86+x86_64 1.2-3 407.00 187.00 594.00 NOTE

Check Details

Version: 1.2-3
Check: installed package size
Result: NOTE
     installed size is 18.0Mb
     sub-directories of 1Mb or more:
     data 1.5Mb
     libs 15.7Mb
Flavors: r-devel-linux-x86_64-fedora-clang, r-devel-windows-ix86+x86_64, r-release-macos-x86_64, r-release-windows-ix86+x86_64, r-oldrel-macos-x86_64, r-oldrel-windows-ix86+x86_64