CRAN Package Check Results for Package BayesSPsurv

Last updated on 2022-09-29 00:52:43 CEST.

Flavor Version Tinstall Tcheck Ttotal Status Flags
r-devel-linux-x86_64-debian-clang 0.1.4 58.72 130.35 189.07 OK
r-devel-linux-x86_64-debian-gcc 0.1.4 44.18 94.94 139.12 OK
r-devel-linux-x86_64-fedora-clang 0.1.4 259.25 NOTE
r-devel-linux-x86_64-fedora-gcc 0.1.4 248.01 NOTE
r-devel-windows-x86_64 0.1.4 112.00 174.00 286.00 OK
r-patched-linux-x86_64 0.1.4 47.86 122.44 170.30 OK
r-release-linux-x86_64 0.1.4 48.27 121.93 170.20 OK
r-release-macos-arm64 0.1.4 59.00 NOTE
r-release-macos-x86_64 0.1.4 125.00 NOTE
r-release-windows-x86_64 0.1.4 67.00 162.00 229.00 OK
r-oldrel-macos-arm64 0.1.4 46.00 NOTE
r-oldrel-macos-x86_64 0.1.4 79.00 NOTE
r-oldrel-windows-ix86+x86_64 0.1.4 136.00 202.00 338.00 OK

Check Details

Version: 0.1.4
Check: dependencies in R code
Result: NOTE
    Namespace in Imports field not imported from: ‘Rcpp’
     All declared Imports should be used.
Flavors: r-devel-linux-x86_64-fedora-clang, r-devel-linux-x86_64-fedora-gcc, r-release-macos-arm64, r-release-macos-x86_64, r-oldrel-macos-arm64, r-oldrel-macos-x86_64