CRAN Package Check Results for Package BayesReversePLLH

Last updated on 2022-09-30 12:55:03 CEST.

Flavor Version Tinstall Tcheck Ttotal Status Flags
r-devel-linux-x86_64-debian-clang 1.4 44.96 31.66 76.62 WARN
r-devel-linux-x86_64-debian-gcc 1.4 31.89 24.34 56.23 OK
r-devel-linux-x86_64-fedora-clang 1.4 123.24 WARN
r-devel-linux-x86_64-fedora-gcc 1.4 109.59 OK
r-devel-windows-x86_64 1.4 161.00 89.00 250.00 OK
r-patched-linux-x86_64 1.4 32.15 30.92 63.07 OK
r-release-linux-x86_64 1.4 37.23 31.34 68.57 OK
r-release-macos-arm64 1.4 30.00 OK
r-release-macos-x86_64 1.4 41.00 OK
r-release-windows-x86_64 1.4 59.00 86.00 145.00 OK
r-oldrel-macos-arm64 1.4 67.00 OK
r-oldrel-macos-x86_64 1.4 62.00 OK
r-oldrel-windows-ix86+x86_64 1.4 98.00 95.00 193.00 OK

Additional issues

clang14

Check Details

Version: 1.4
Check: whether package can be installed
Result: WARN
    Found the following significant warnings:
     BayesReversePLLH.cpp:439:10: warning: use of bitwise '&' with boolean operands [-Wbitwise-instead-of-logical]
     BayesReversePLLH.cpp:1129:10: warning: use of bitwise '&' with boolean operands [-Wbitwise-instead-of-logical]
     BayesReversePLLH.cpp:1172:10: warning: use of bitwise '&' with boolean operands [-Wbitwise-instead-of-logical]
     BayesReversePLLH.cpp:3029:10: warning: use of bitwise '&' with boolean operands [-Wbitwise-instead-of-logical]
Flavors: r-devel-linux-x86_64-debian-clang, r-devel-linux-x86_64-fedora-clang