CRAN Package Check Results for Package BayesRGMM

Last updated on 2022-10-06 12:55:19 CEST.

Flavor Version Tinstall Tcheck Ttotal Status Flags
r-devel-linux-x86_64-debian-clang 2.2 151.63 174.83 326.46 OK
r-devel-linux-x86_64-debian-gcc 2.2 116.22 129.79 246.01 OK
r-devel-linux-x86_64-fedora-clang 2.2 437.46 OK
r-devel-linux-x86_64-fedora-gcc 2.2 431.29 OK
r-devel-windows-x86_64 2.2 107.00 237.00 344.00 OK
r-patched-linux-x86_64 2.2 130.00 167.39 297.39 OK
r-release-linux-x86_64 2.2 126.41 166.24 292.65 OK
r-release-macos-arm64 2.2 132.00 NOTE
r-release-macos-x86_64 2.2 164.00 NOTE
r-release-windows-x86_64 2.2 102.00 244.00 346.00 OK
r-oldrel-macos-arm64 2.2 129.00 NOTE
r-oldrel-macos-x86_64 2.2 148.00 NOTE
r-oldrel-windows-ix86+x86_64 2.2 324.00 337.00 661.00 OK

Check Details

Version: 2.2
Check: installed package size
Result: NOTE
     installed size is 8.3Mb
     sub-directories of 1Mb or more:
     libs 7.7Mb
Flavors: r-release-macos-arm64, r-release-macos-x86_64, r-oldrel-macos-arm64, r-oldrel-macos-x86_64