CRAN Package Check Results for Package BayesPPD

Last updated on 2022-10-01 07:07:51 CEST.

Flavor Version Tinstall Tcheck Ttotal Status Flags
r-devel-linux-x86_64-debian-clang 1.0.7 109.29 42.81 152.10 OK
r-devel-linux-x86_64-debian-gcc 1.0.7 102.29 32.74 135.03 OK
r-devel-linux-x86_64-fedora-clang 1.0.7 247.11 NOTE
r-devel-linux-x86_64-fedora-gcc 1.0.7 251.52 NOTE
r-devel-windows-x86_64 1.0.7 124.00 102.00 226.00 OK
r-patched-linux-x86_64 1.0.7 109.08 40.97 150.05 OK
r-release-linux-x86_64 1.0.7 115.76 41.03 156.79 OK
r-release-macos-arm64 1.0.7 56.00 NOTE
r-release-macos-x86_64 1.0.7 73.00 NOTE
r-release-windows-x86_64 1.0.7 92.00 98.00 190.00 OK
r-oldrel-macos-arm64 1.0.7 53.00 NOTE
r-oldrel-macos-x86_64 1.0.7 77.00 NOTE
r-oldrel-windows-ix86+x86_64 1.0.7 277.00 113.00 390.00 OK

Check Details

Version: 1.0.7
Check: dependencies in R code
Result: NOTE
    Namespace in Imports field not imported from: ‘RcppNumerical’
     All declared Imports should be used.
Flavors: r-devel-linux-x86_64-fedora-clang, r-devel-linux-x86_64-fedora-gcc, r-release-macos-arm64, r-release-macos-x86_64, r-oldrel-macos-arm64, r-oldrel-macos-x86_64

Version: 1.0.7
Check: installed package size
Result: NOTE
     installed size is 13.4Mb
     sub-directories of 1Mb or more:
     libs 13.2Mb
Flavors: r-release-macos-arm64, r-release-macos-x86_64, r-oldrel-macos-arm64, r-oldrel-macos-x86_64