CRAN Package Check Results for Package BayesFactor

Last updated on 2024-02-27 06:50:25 CET.

Flavor Version Tinstall Tcheck Ttotal Status Flags
r-devel-linux-x86_64-debian-clang 0.9.12-4.7 287.77 338.16 625.93 OK
r-devel-linux-x86_64-debian-gcc 0.9.12-4.7 228.55 259.74 488.29 OK
r-devel-linux-x86_64-fedora-clang 0.9.12-4.7 865.45 NOTE
r-devel-linux-x86_64-fedora-gcc 0.9.12-4.7 869.88 OK
r-devel-windows-x86_64 0.9.12-4.7 222.00 283.00 505.00 NOTE
r-patched-linux-x86_64 0.9.12-4.7 283.85 335.32 619.17 OK
r-release-linux-x86_64 0.9.12-4.7 279.98 338.96 618.94 OK
r-release-macos-arm64 0.9.12-4.7 190.00 NOTE
r-release-macos-x86_64 0.9.12-4.7 399.00 NOTE
r-release-windows-x86_64 0.9.12-4.7 283.00 359.00 642.00 NOTE
r-oldrel-macos-arm64 0.9.12-4.7 180.00 NOTE
r-oldrel-windows-x86_64 0.9.12-4.7 266.00 348.00 614.00 NOTE

Check Details

Version: 0.9.12-4.7
Check: installed package size
Result: NOTE installed size is 12.5Mb sub-directories of 1Mb or more: doc 10.9Mb Flavors: r-devel-linux-x86_64-fedora-clang, r-devel-windows-x86_64, r-release-macos-arm64, r-release-macos-x86_64, r-release-windows-x86_64, r-oldrel-macos-arm64, r-oldrel-windows-x86_64

Version: 0.9.12-4.7
Check: package dependencies
Result: NOTE Package suggested but not available for checking: 'doMC' Flavors: r-devel-windows-x86_64, r-release-windows-x86_64, r-oldrel-windows-x86_64