CRAN Package Check Results for Package BayesComm

Last updated on 2022-10-06 01:49:41 CEST.

Flavor Version Tinstall Tcheck Ttotal Status Flags
r-devel-linux-x86_64-debian-clang 0.1-2 47.57 35.28 82.85 NOTE
r-devel-linux-x86_64-debian-gcc 0.1-2 34.83 27.53 62.36 NOTE
r-devel-linux-x86_64-fedora-clang 0.1-2 128.41 NOTE
r-devel-linux-x86_64-fedora-gcc 0.1-2 122.50 NOTE
r-devel-windows-x86_64 0.1-2 46.00 81.00 127.00 NOTE
r-patched-linux-x86_64 0.1-2 41.45 34.19 75.64 OK
r-release-linux-x86_64 0.1-2 41.67 34.36 76.03 OK
r-release-macos-arm64 0.1-2 30.00 OK
r-release-macos-x86_64 0.1-2 44.00 OK
r-release-windows-x86_64 0.1-2 91.00 83.00 174.00 OK
r-oldrel-macos-arm64 0.1-2 38.00 OK
r-oldrel-macos-x86_64 0.1-2 59.00 OK
r-oldrel-windows-ix86+x86_64 0.1-2 121.00 89.00 210.00 OK

Check Details

Version: 0.1-2
Check: Rd files
Result: NOTE
    checkRd: (-1) BayesComm-package.Rd:33: Escaped LaTeX specials: \&
Flavors: r-devel-linux-x86_64-debian-clang, r-devel-linux-x86_64-debian-gcc, r-devel-linux-x86_64-fedora-clang, r-devel-linux-x86_64-fedora-gcc, r-devel-windows-x86_64

Version: 0.1-2
Check: compiled code
Result: NOTE
    File ‘BayesComm/libs/BayesComm.so’:
     Found no calls to: ‘R_registerRoutines’, ‘R_useDynamicSymbols’
    
    It is good practice to register native routines and to disable symbol
    search.
    
    See ‘Writing portable packages’ in the ‘Writing R Extensions’ manual.
Flavors: r-devel-linux-x86_64-fedora-clang, r-devel-linux-x86_64-fedora-gcc