CRAN Package Check Results for Package BasketballAnalyzeR

Last updated on 2020-10-29 13:48:39 CET.

Flavor Version Tinstall Tcheck Ttotal Status Flags
r-devel-linux-x86_64-debian-clang 0.5.0 16.45 165.89 182.34 OK
r-devel-linux-x86_64-debian-gcc 0.5.0 13.16 121.58 134.74 OK
r-devel-linux-x86_64-fedora-clang 0.5.0 219.01 NOTE
r-devel-linux-x86_64-fedora-gcc 0.5.0 235.53 NOTE
r-devel-windows-ix86+x86_64 0.5.0 39.00 198.00 237.00 OK
r-patched-linux-x86_64 0.5.0 12.42 154.99 167.41 OK
r-patched-solaris-x86 0.5.0 291.20 NOTE
r-release-linux-x86_64 0.5.0 14.99 154.60 169.59 OK
r-release-macos-x86_64 0.5.0 NOTE
r-release-windows-ix86+x86_64 0.5.0 23.00 158.00 181.00 OK
r-oldrel-macos-x86_64 0.5.0 NOTE
r-oldrel-windows-ix86+x86_64 0.5.0 27.00 195.00 222.00 OK

Check Details

Version: 0.5.0
Check: package dependencies
Result: NOTE
    Imports includes 25 non-default packages.
    Importing from so many packages makes the package vulnerable to any of
    them becoming unavailable. Move as many as possible to Suggests and
    use conditionally.
Flavor: r-devel-linux-x86_64-fedora-clang

Version: 0.5.0
Check: dependencies in R code
Result: NOTE
    Namespaces in Imports field not imported from:
     ‘circlize’ ‘hexbin’ ‘scales’ ‘sna’
     All declared Imports should be used.
Flavors: r-devel-linux-x86_64-fedora-clang, r-devel-linux-x86_64-fedora-gcc, r-patched-solaris-x86, r-release-macos-x86_64, r-oldrel-macos-x86_64